{"id":118,"date":"2019-11-06T17:55:13","date_gmt":"2019-11-06T17:55:13","guid":{"rendered":"http:\/\/temp.espoonmerenkulkijat.net\/?page_id=118"},"modified":"2026-03-20T19:16:51","modified_gmt":"2026-03-20T17:16:51","slug":"johtokunta","status":"publish","type":"page","link":"https:\/\/espoonmerenkulkijat.net\/index.php\/johtokunta\/","title":{"rendered":"Johtokunta ja toimihenkil\u00f6t"},"content":{"rendered":"\n<p>Espoon Merenkulkijoiden toimintaa ohjaa johtokunta, joka varmistaa, ett\u00e4 seuramme on turvallinen, toimiva ja viihtyis\u00e4 kaikille j\u00e4senille. Johtokunta ja toimihenkil\u00f6t ovat seuran asiantuntijoita ja valmiita auttamaan kaikissa kysymyksiss\u00e4.<\/p>\n\n\n\n<p>Pekka Salmenhaara<strong>, <\/strong>kommodori, h\u00e4net tavoitat numerosta 040 041 4531 tai s\u00e4hk\u00f6postilla pekka.salmenhaara@gmail.com.<\/p>\n\n\n\n<p>Varakommodorina toimii Timo Lauttia, joka vastaa purjehdustoiminnasta. H\u00e4n auttaa mielell\u00e4\u00e4n purjehdukseen liittyviss\u00e4 asioissa: 050 361 6839, lauttia@gmail.com<\/p>\n\n\n\n<p>Sihteeri N.N. ei ole, hoitaa j\u00e4senasioita ja kokousj\u00e4rjestelyj\u00e4.<\/p>\n\n\n\n<p>Talouden hallinnasta vastaa rahastonhoitaja Harri Jauri<strong>:<\/strong> 045 178 1178, harri.jauri@iki.fi.<\/p>\n\n\n\n<p>Venepaikkoihin liittyviss\u00e4 asioissa auttaa Olli Mustonen<strong>,<\/strong> venepaikkavastaava: 045 128 1500, olde.mustonen@gmail.com.<\/p>\n\n\n\n<p>Satama-asioissa yhteyshenkil\u00f6n\u00e4 Espoon kaupunkiin toimii Vesa Kaivola: 0500 427 487, vesa.kaivola@gmail.com.<\/p>\n\n\n\n<p>Vapaa-ajan veneilyyn liittyviss\u00e4 kysymyksiss\u00e4 ota yhteytt\u00e4 Markus P\u00e4til\u00e4\u00e4n: 040 582 6640, markus.patila@gmail.com.<\/p>\n\n\n\n<p>Lis\u00e4ksi tiimiss\u00e4mme on t\u00e4rkeit\u00e4 asiantuntijoita:<\/p>\n\n\n\n<ul class=\"wp-block-list\">\n<li>Kim Ericsson, satamavastaava:                 050 512 1658,    kim.ericsson58@gmail.com<\/li>\n\n\n\n<li>Jaakko Niskala, katsastusp\u00e4\u00e4llikk\u00f6:         050 328 6028,    jaskaniskala@gmail.com<\/li>\n\n\n\n<li>Sirpa Niskala, viestint\u00e4vastaava:              040 758 3700,    niskalansirpa@gmail.com<\/li>\n\n\n\n<li>Tommi Vihavainen, koulutusvastaava:     050 359 1021,    tommi.vihavainen.01@gmail.com (SPV-sertifikaatit)<\/li>\n\n\n\n<li>Anna-Mari Laitila, vartiointip\u00e4\u00e4llikk\u00f6:     040 716 6464,    laitilaannamari@gmail.com.<\/li>\n<\/ul>\n\n\n\n<p><\/p>\n","protected":false},"excerpt":{"rendered":"<p>Espoon Merenkulkijoiden toimintaa ohjaa johtokunta, joka varmistaa, ett\u00e4 seuramme on turvallinen, toimiva ja viihtyis\u00e4 kaikille j\u00e4senille. Johtokunta ja toimihenkil\u00f6t ovat seuran asiantuntijoita ja valmiita auttamaan kaikissa kysymyksiss\u00e4. Pekka Salmenhaara, kommodori, [&hellip;]<\/p>\n","protected":false},"author":3,"featured_media":0,"parent":0,"menu_order":0,"comment_status":"closed","ping_status":"closed","template":"","meta":{"site-sidebar-layout":"default","site-content-layout":"default","ast-site-content-layout":"normal-width-container","site-content-style":"default","site-sidebar-style":"default","ast-global-header-display":"","ast-banner-title-visibility":"","ast-main-header-display":"","ast-hfb-above-header-display":"","ast-hfb-below-header-display":"","ast-hfb-mobile-header-display":"","site-post-title":"","ast-breadcrumbs-content":"","ast-featured-img":"","footer-sml-layout":"","ast-disable-related-posts":"","theme-transparent-header-meta":"default","adv-header-id-meta":"","stick-header-meta":"","header-above-stick-meta":"","header-main-stick-meta":"","header-below-stick-meta":"","astra-migrate-meta-layouts":"set","ast-page-background-enabled":"default","ast-page-background-meta":{"desktop":{"background-color":"","background-image":"","background-repeat":"repeat","background-position":"center center","background-size":"auto","background-attachment":"scroll","background-type":"","background-media":"","overlay-type":"","overlay-color":"","overlay-opacity":"","overlay-gradient":""},"tablet":{"background-color":"","background-image":"","background-repeat":"repeat","background-position":"center center","background-size":"auto","background-attachment":"scroll","background-type":"","background-media":"","overlay-type":"","overlay-color":"","overlay-opacity":"","overlay-gradient":""},"mobile":{"background-color":"","background-image":"","background-repeat":"repeat","background-position":"center center","background-size":"auto","background-attachment":"scroll","background-type":"","background-media":"","overlay-type":"","overlay-color":"","overlay-opacity":"","overlay-gradient":""}},"ast-content-background-meta":{"desktop":{"background-color":"var(--ast-global-color-5)","background-image":"","background-repeat":"repeat","background-position":"center center","background-size":"auto","background-attachment":"scroll","background-type":"","background-media":"","overlay-type":"","overlay-color":"","overlay-opacity":"","overlay-gradient":""},"tablet":{"background-color":"var(--ast-global-color-5)","background-image":"","background-repeat":"repeat","background-position":"center center","background-size":"auto","background-attachment":"scroll","background-type":"","background-media":"","overlay-type":"","overlay-color":"","overlay-opacity":"","overlay-gradient":""},"mobile":{"background-color":"var(--ast-global-color-5)","background-image":"","background-repeat":"repeat","background-position":"center center","background-size":"auto","background-attachment":"scroll","background-type":"","background-media":"","overlay-type":"","overlay-color":"","overlay-opacity":"","overlay-gradient":""}},"footnotes":""},"class_list":["post-118","page","type-page","status-publish","hentry"],"yoast_head":"<!-- This site is optimized with the Yoast SEO plugin v27.3 - https:\/\/yoast.com\/product\/yoast-seo-wordpress\/ -->\n<title>Johtokunta ja toimihenkil\u00f6t - Espoon Merenkulkijat ry<\/title>\n<meta name=\"description\" content=\"Espoon Merenkulkijoiden johtokunta ja yhteyshenkil\u00f6t seuran toiminnassa eri toimikausina, ota yhteytt\u00e4, jos seuran toiminta kiinnostaa.\" \/>\n<meta name=\"robots\" content=\"index, follow, max-snippet:-1, max-image-preview:large, max-video-preview:-1\" \/>\n<link rel=\"canonical\" href=\"https:\/\/espoonmerenkulkijat.net\/index.php\/johtokunta\/\" \/>\n<meta property=\"og:locale\" content=\"fi_FI\" \/>\n<meta property=\"og:type\" content=\"article\" \/>\n<meta property=\"og:title\" content=\"Johtokunta ja toimihenkil\u00f6t - Espoon Merenkulkijat ry\" \/>\n<meta property=\"og:description\" content=\"Espoon Merenkulkijoiden johtokunta ja yhteyshenkil\u00f6t seuran toiminnassa eri toimikausina, ota yhteytt\u00e4, jos seuran toiminta kiinnostaa.\" \/>\n<meta property=\"og:url\" content=\"https:\/\/espoonmerenkulkijat.net\/index.php\/johtokunta\/\" \/>\n<meta property=\"og:site_name\" content=\"Espoon Merenkulkijat ry\" \/>\n<meta property=\"article:modified_time\" content=\"2026-03-20T17:16:51+00:00\" \/>\n<meta name=\"twitter:card\" content=\"summary_large_image\" \/>\n<meta name=\"twitter:label1\" content=\"Arvioitu lukuaika\" \/>\n\t<meta name=\"twitter:data1\" content=\"1 minuutti\" \/>\n<script type=\"application\/ld+json\" class=\"yoast-schema-graph\">{\"@context\":\"https:\\\/\\\/schema.org\",\"@graph\":[{\"@type\":\"WebPage\",\"@id\":\"https:\\\/\\\/espoonmerenkulkijat.net\\\/index.php\\\/johtokunta\\\/\",\"url\":\"https:\\\/\\\/espoonmerenkulkijat.net\\\/index.php\\\/johtokunta\\\/\",\"name\":\"Johtokunta ja toimihenkil\u00f6t - Espoon Merenkulkijat ry\",\"isPartOf\":{\"@id\":\"https:\\\/\\\/espoonmerenkulkijat.net\\\/#website\"},\"datePublished\":\"2019-11-06T17:55:13+00:00\",\"dateModified\":\"2026-03-20T17:16:51+00:00\",\"description\":\"Espoon Merenkulkijoiden johtokunta ja yhteyshenkil\u00f6t seuran toiminnassa eri toimikausina, ota yhteytt\u00e4, jos seuran toiminta kiinnostaa.\",\"breadcrumb\":{\"@id\":\"https:\\\/\\\/espoonmerenkulkijat.net\\\/index.php\\\/johtokunta\\\/#breadcrumb\"},\"inLanguage\":\"fi\",\"potentialAction\":[{\"@type\":\"ReadAction\",\"target\":[\"https:\\\/\\\/espoonmerenkulkijat.net\\\/index.php\\\/johtokunta\\\/\"]}]},{\"@type\":\"BreadcrumbList\",\"@id\":\"https:\\\/\\\/espoonmerenkulkijat.net\\\/index.php\\\/johtokunta\\\/#breadcrumb\",\"itemListElement\":[{\"@type\":\"ListItem\",\"position\":1,\"name\":\"Etusivu\",\"item\":\"https:\\\/\\\/espoonmerenkulkijat.net\\\/\"},{\"@type\":\"ListItem\",\"position\":2,\"name\":\"Johtokunta ja toimihenkil\u00f6t\"}]},{\"@type\":\"WebSite\",\"@id\":\"https:\\\/\\\/espoonmerenkulkijat.net\\\/#website\",\"url\":\"https:\\\/\\\/espoonmerenkulkijat.net\\\/\",\"name\":\"Espoon Merenkulkijat ry\",\"description\":\"\",\"publisher\":{\"@id\":\"https:\\\/\\\/espoonmerenkulkijat.net\\\/#organization\"},\"potentialAction\":[{\"@type\":\"SearchAction\",\"target\":{\"@type\":\"EntryPoint\",\"urlTemplate\":\"https:\\\/\\\/espoonmerenkulkijat.net\\\/?s={search_term_string}\"},\"query-input\":{\"@type\":\"PropertyValueSpecification\",\"valueRequired\":true,\"valueName\":\"search_term_string\"}}],\"inLanguage\":\"fi\"},{\"@type\":\"Organization\",\"@id\":\"https:\\\/\\\/espoonmerenkulkijat.net\\\/#organization\",\"name\":\"Espoon Merenkulkijat ry\",\"url\":\"https:\\\/\\\/espoonmerenkulkijat.net\\\/\",\"logo\":{\"@type\":\"ImageObject\",\"inLanguage\":\"fi\",\"@id\":\"https:\\\/\\\/espoonmerenkulkijat.net\\\/#\\\/schema\\\/logo\\\/image\\\/\",\"url\":\"https:\\\/\\\/espoonmerenkulkijat.net\\\/wp-content\\\/uploads\\\/2023\\\/01\\\/cropped-EM_50_juhlalogo_320x320.png\",\"contentUrl\":\"https:\\\/\\\/espoonmerenkulkijat.net\\\/wp-content\\\/uploads\\\/2023\\\/01\\\/cropped-EM_50_juhlalogo_320x320.png\",\"width\":320,\"height\":320,\"caption\":\"Espoon Merenkulkijat ry\"},\"image\":{\"@id\":\"https:\\\/\\\/espoonmerenkulkijat.net\\\/#\\\/schema\\\/logo\\\/image\\\/\"}}]}<\/script>\n<!-- \/ Yoast SEO plugin. -->","yoast_head_json":{"title":"Johtokunta ja toimihenkil\u00f6t - Espoon Merenkulkijat ry","description":"Espoon Merenkulkijoiden johtokunta ja yhteyshenkil\u00f6t seuran toiminnassa eri toimikausina, ota yhteytt\u00e4, jos seuran toiminta kiinnostaa.","robots":{"index":"index","follow":"follow","max-snippet":"max-snippet:-1","max-image-preview":"max-image-preview:large","max-video-preview":"max-video-preview:-1"},"canonical":"https:\/\/espoonmerenkulkijat.net\/index.php\/johtokunta\/","og_locale":"fi_FI","og_type":"article","og_title":"Johtokunta ja toimihenkil\u00f6t - Espoon Merenkulkijat ry","og_description":"Espoon Merenkulkijoiden johtokunta ja yhteyshenkil\u00f6t seuran toiminnassa eri toimikausina, ota yhteytt\u00e4, jos seuran toiminta kiinnostaa.","og_url":"https:\/\/espoonmerenkulkijat.net\/index.php\/johtokunta\/","og_site_name":"Espoon Merenkulkijat ry","article_modified_time":"2026-03-20T17:16:51+00:00","twitter_card":"summary_large_image","twitter_misc":{"Arvioitu lukuaika":"1 minuutti"},"schema":{"@context":"https:\/\/schema.org","@graph":[{"@type":"WebPage","@id":"https:\/\/espoonmerenkulkijat.net\/index.php\/johtokunta\/","url":"https:\/\/espoonmerenkulkijat.net\/index.php\/johtokunta\/","name":"Johtokunta ja toimihenkil\u00f6t - Espoon Merenkulkijat ry","isPartOf":{"@id":"https:\/\/espoonmerenkulkijat.net\/#website"},"datePublished":"2019-11-06T17:55:13+00:00","dateModified":"2026-03-20T17:16:51+00:00","description":"Espoon Merenkulkijoiden johtokunta ja yhteyshenkil\u00f6t seuran toiminnassa eri toimikausina, ota yhteytt\u00e4, jos seuran toiminta kiinnostaa.","breadcrumb":{"@id":"https:\/\/espoonmerenkulkijat.net\/index.php\/johtokunta\/#breadcrumb"},"inLanguage":"fi","potentialAction":[{"@type":"ReadAction","target":["https:\/\/espoonmerenkulkijat.net\/index.php\/johtokunta\/"]}]},{"@type":"BreadcrumbList","@id":"https:\/\/espoonmerenkulkijat.net\/index.php\/johtokunta\/#breadcrumb","itemListElement":[{"@type":"ListItem","position":1,"name":"Etusivu","item":"https:\/\/espoonmerenkulkijat.net\/"},{"@type":"ListItem","position":2,"name":"Johtokunta ja toimihenkil\u00f6t"}]},{"@type":"WebSite","@id":"https:\/\/espoonmerenkulkijat.net\/#website","url":"https:\/\/espoonmerenkulkijat.net\/","name":"Espoon Merenkulkijat ry","description":"","publisher":{"@id":"https:\/\/espoonmerenkulkijat.net\/#organization"},"potentialAction":[{"@type":"SearchAction","target":{"@type":"EntryPoint","urlTemplate":"https:\/\/espoonmerenkulkijat.net\/?s={search_term_string}"},"query-input":{"@type":"PropertyValueSpecification","valueRequired":true,"valueName":"search_term_string"}}],"inLanguage":"fi"},{"@type":"Organization","@id":"https:\/\/espoonmerenkulkijat.net\/#organization","name":"Espoon Merenkulkijat ry","url":"https:\/\/espoonmerenkulkijat.net\/","logo":{"@type":"ImageObject","inLanguage":"fi","@id":"https:\/\/espoonmerenkulkijat.net\/#\/schema\/logo\/image\/","url":"https:\/\/espoonmerenkulkijat.net\/wp-content\/uploads\/2023\/01\/cropped-EM_50_juhlalogo_320x320.png","contentUrl":"https:\/\/espoonmerenkulkijat.net\/wp-content\/uploads\/2023\/01\/cropped-EM_50_juhlalogo_320x320.png","width":320,"height":320,"caption":"Espoon Merenkulkijat ry"},"image":{"@id":"https:\/\/espoonmerenkulkijat.net\/#\/schema\/logo\/image\/"}}]}},"_links":{"self":[{"href":"https:\/\/espoonmerenkulkijat.net\/index.php\/wp-json\/wp\/v2\/pages\/118","targetHints":{"allow":["GET"]}}],"collection":[{"href":"https:\/\/espoonmerenkulkijat.net\/index.php\/wp-json\/wp\/v2\/pages"}],"about":[{"href":"https:\/\/espoonmerenkulkijat.net\/index.php\/wp-json\/wp\/v2\/types\/page"}],"author":[{"embeddable":true,"href":"https:\/\/espoonmerenkulkijat.net\/index.php\/wp-json\/wp\/v2\/users\/3"}],"replies":[{"embeddable":true,"href":"https:\/\/espoonmerenkulkijat.net\/index.php\/wp-json\/wp\/v2\/comments?post=118"}],"version-history":[{"count":46,"href":"https:\/\/espoonmerenkulkijat.net\/index.php\/wp-json\/wp\/v2\/pages\/118\/revisions"}],"predecessor-version":[{"id":3449,"href":"https:\/\/espoonmerenkulkijat.net\/index.php\/wp-json\/wp\/v2\/pages\/118\/revisions\/3449"}],"wp:attachment":[{"href":"https:\/\/espoonmerenkulkijat.net\/index.php\/wp-json\/wp\/v2\/media?parent=118"}],"curies":[{"name":"wp","href":"https:\/\/api.w.org\/{rel}","templated":true}]}}