{"id":263,"date":"2020-01-22T17:54:19","date_gmt":"2020-01-22T17:54:19","guid":{"rendered":"http:\/\/temp.espoonmerenkulkijat.net\/?page_id=263"},"modified":"2024-02-18T09:50:24","modified_gmt":"2024-02-18T07:50:24","slug":"tietoa-jasenille","status":"publish","type":"page","link":"https:\/\/espoonmerenkulkijat.net\/index.php\/tietoa-jasenille\/","title":{"rendered":"Tietoa j\u00e4senille"},"content":{"rendered":"\n<p><strong>Johtokunnan j\u00e4senilt\u00e4 voi ostaa mm. lippuja ja muita tarvikkeita<\/strong>:<\/p>\n\n\n\n<ul class=\"wp-block-list\">\n<li>Seuran tunnuksella varustettuja pursilippuja.&nbsp;<\/li>\n\n\n\n<li>Portin avaimet.<\/li>\n\n\n\n<li>Lis\u00e4ksi kokardeja, tarroja ja viirej\u00e4.<\/li>\n\n\n\n<li>Hinnat <a href=\"https:\/\/espoonmerenkulkijat.net\/index.php\/hinnasto\/\">Hinnasto-sivulla.<\/a><\/li>\n<\/ul>\n\n\n\n<p><strong>Koulutus ja p\u00e4tevyystodistukset<\/strong>:<\/p>\n\n\n\n<p>Seuralla ei ole s\u00e4\u00e4nn\u00f6llist\u00e4 koulutustoimintaa. Seurassa toimivat SPV:n auktorisoimat kouluttajat voivat my\u00f6nt\u00e4\u00e4 todistuksen k\u00e4yt\u00e4nn\u00f6n veneilytaidoista kansainv\u00e4list\u00e4 huviveneenkuljettajankirjaa varten SPV:n laatuj\u00e4rjestelm\u00e4n kriteerien puitteissa. Lis\u00e4tietoa esityksess\u00e4: <\/p>\n\n\n\n<div class=\"wp-block-file\"><a id=\"wp-block-file--media-6729db51-afbd-4869-a565-af557b19df60\" href=\"https:\/\/espoonmerenkulkijat.net\/wp-content\/uploads\/2024\/02\/Kansainvalinen-huviveneenkuljettajankirja-2024-02-14-.pdf\">Kansainvalinen-huviveneenkuljettajankirja-2024-02-14-<\/a><a href=\"https:\/\/espoonmerenkulkijat.net\/wp-content\/uploads\/2024\/02\/Kansainvalinen-huviveneenkuljettajankirja-2024-02-14-.pdf\" class=\"wp-block-file__button wp-element-button\" download aria-describedby=\"wp-block-file--media-6729db51-afbd-4869-a565-af557b19df60\">Lataa<\/a><\/div>\n\n\n\n<p><strong>Facebook<\/strong>:<\/p>\n\n\n\n<p>Seuralla on suljettu Facebook-ryhm\u00e4: <a rel=\"noreferrer noopener\" aria-label=\"https:\/\/www.facebook.com\/groups\/114623428566753\/ (avautuu uudessa v\u00e4lilehdess\u00e4)\" href=\"https:\/\/www.facebook.com\/groups\/114623428566753\/\" target=\"_blank\">https:\/\/www.facebook.com\/groups\/114623428566753\/<\/a>. Ryhm\u00e4 on suljettu, koska siell\u00e4 k\u00e4sitell\u00e4\u00e4n my\u00f6s turvallisuuteen, kuten vartiointiin, liittyvi\u00e4 asioita.<\/p>\n\n\n\n<p><strong>J\u00e4senten k\u00e4yt\u00f6ss\u00e4 oleva kalusto<\/strong>:<\/p>\n\n\n\n<ul class=\"wp-block-list\">\n<li>Painepesuri.\n<ul class=\"wp-block-list\">\n<li>S\u00e4ilytys ja k\u00e4ytt\u00f6ohjeet Pookissa.<\/li>\n\n\n\n<li>Lis\u00e4tietoja satamais\u00e4nn\u00e4lt\u00e4<\/li>\n<\/ul>\n<\/li>\n\n\n\n<li>Linder 410 soutuvene.\n<ul class=\"wp-block-list\">\n<li>Avain, airot ja per\u00e4moottori Pookissa.<\/li>\n\n\n\n<li>K\u00e4yt\u00e4 venett\u00e4 ja moottoria huolellisesti! <\/li>\n\n\n\n<li>Polttoaine hankittava itse. Polttoaineena mieluiten 4T pienkonebensiini, k\u00e4y my\u00f6s 98E.<\/li>\n\n\n\n<li>Lis\u00e4tietoja satamais\u00e4nn\u00e4lt\u00e4<\/li>\n<\/ul>\n<\/li>\n\n\n\n<li>Verstastilat, mm. pylv\u00e4sporakone.<\/li>\n\n\n\n<li>Majan piha grillipaikkoineen.<\/li>\n\n\n\n<li>Majaa vuokrataan j\u00e4senille yksityistilaisuuksia varten, hinta 25 eur per p\u00e4iv\u00e4.\n<ul class=\"wp-block-list\">\n<li>J\u00e4senen on itse osallistuttava tilaisuuteen, jota varten h\u00e4n Majan vuokraa. H\u00e4n vastaa Majan asiallisesta k\u00e4yt\u00f6st\u00e4 ja sen siivoamisesta k\u00e4yt\u00f6n j\u00e4lkeen sek\u00e4 siit\u00e4, ettei Majalle, siell\u00e4 olevalle irtaimistolle tai ymp\u00e4rist\u00f6lle aiheudu vahinkoa sek\u00e4 siit\u00e4, ettei Majan k\u00e4ytt\u00f6 h\u00e4iritse ymp\u00e4rist\u00f6n asukkaita tai yleist\u00e4 j\u00e4rjestyst\u00e4.<\/li>\n\n\n\n<li>Varaukset seuran sihteerilt\u00e4.<\/li>\n<\/ul>\n<\/li>\n<\/ul>\n\n\n\n<figure class=\"wp-block-image size-large\"><img loading=\"lazy\" decoding=\"async\" width=\"1024\" height=\"772\" src=\"https:\/\/espoonmerenkulkijat.net\/wp-content\/uploads\/2020\/05\/linder-1024x772.jpg\" alt=\"\" class=\"wp-image-542\" srcset=\"https:\/\/espoonmerenkulkijat.net\/wp-content\/uploads\/2020\/05\/linder-1024x772.jpg 1024w, https:\/\/espoonmerenkulkijat.net\/wp-content\/uploads\/2020\/05\/linder-300x226.jpg 300w, https:\/\/espoonmerenkulkijat.net\/wp-content\/uploads\/2020\/05\/linder-768x579.jpg 768w, https:\/\/espoonmerenkulkijat.net\/wp-content\/uploads\/2020\/05\/linder-1536x1157.jpg 1536w, https:\/\/espoonmerenkulkijat.net\/wp-content\/uploads\/2020\/05\/linder-2048x1543.jpg 2048w\" sizes=\"auto, (max-width: 1024px) 100vw, 1024px\" \/><\/figure>\n\n\n\n<p><\/p>\n","protected":false},"excerpt":{"rendered":"<p>Johtokunnan j\u00e4senilt\u00e4 voi ostaa mm. lippuja ja muita tarvikkeita: Koulutus ja p\u00e4tevyystodistukset: Seuralla ei ole s\u00e4\u00e4nn\u00f6llist\u00e4 koulutustoimintaa. Seurassa toimivat SPV:n auktorisoimat kouluttajat voivat my\u00f6nt\u00e4\u00e4 todistuksen k\u00e4yt\u00e4nn\u00f6n veneilytaidoista kansainv\u00e4list\u00e4 huviveneenkuljettajankirjaa varten [&hellip;]<\/p>\n","protected":false},"author":3,"featured_media":0,"parent":0,"menu_order":0,"comment_status":"closed","ping_status":"closed","template":"","meta":{"site-sidebar-layout":"default","site-content-layout":"default","ast-site-content-layout":"default","site-content-style":"default","site-sidebar-style":"default","ast-global-header-display":"","ast-banner-title-visibility":"","ast-main-header-display":"","ast-hfb-above-header-display":"","ast-hfb-below-header-display":"","ast-hfb-mobile-header-display":"","site-post-title":"","ast-breadcrumbs-content":"","ast-featured-img":"","footer-sml-layout":"","ast-disable-related-posts":"","theme-transparent-header-meta":"default","adv-header-id-meta":"","stick-header-meta":"","header-above-stick-meta":"","header-main-stick-meta":"","header-below-stick-meta":"","astra-migrate-meta-layouts":"set","ast-page-background-enabled":"default","ast-page-background-meta":{"desktop":{"background-color":"","background-image":"","background-repeat":"repeat","background-position":"center center","background-size":"auto","background-attachment":"scroll","background-type":"","background-media":"","overlay-type":"","overlay-color":"","overlay-opacity":"","overlay-gradient":""},"tablet":{"background-color":"","background-image":"","background-repeat":"repeat","background-position":"center center","background-size":"auto","background-attachment":"scroll","background-type":"","background-media":"","overlay-type":"","overlay-color":"","overlay-opacity":"","overlay-gradient":""},"mobile":{"background-color":"","background-image":"","background-repeat":"repeat","background-position":"center center","background-size":"auto","background-attachment":"scroll","background-type":"","background-media":"","overlay-type":"","overlay-color":"","overlay-opacity":"","overlay-gradient":""}},"ast-content-background-meta":{"desktop":{"background-color":"var(--ast-global-color-5)","background-image":"","background-repeat":"repeat","background-position":"center center","background-size":"auto","background-attachment":"scroll","background-type":"","background-media":"","overlay-type":"","overlay-color":"","overlay-opacity":"","overlay-gradient":""},"tablet":{"background-color":"var(--ast-global-color-5)","background-image":"","background-repeat":"repeat","background-position":"center center","background-size":"auto","background-attachment":"scroll","background-type":"","background-media":"","overlay-type":"","overlay-color":"","overlay-opacity":"","overlay-gradient":""},"mobile":{"background-color":"var(--ast-global-color-5)","background-image":"","background-repeat":"repeat","background-position":"center center","background-size":"auto","background-attachment":"scroll","background-type":"","background-media":"","overlay-type":"","overlay-color":"","overlay-opacity":"","overlay-gradient":""}},"footnotes":""},"class_list":["post-263","page","type-page","status-publish","hentry"],"yoast_head":"<!-- This site is optimized with the Yoast SEO plugin v27.3 - https:\/\/yoast.com\/product\/yoast-seo-wordpress\/ -->\n<title>Tietoa j\u00e4senille - Espoon Merenkulkijat ry<\/title>\n<meta name=\"robots\" content=\"index, follow, max-snippet:-1, max-image-preview:large, max-video-preview:-1\" \/>\n<link rel=\"canonical\" href=\"https:\/\/espoonmerenkulkijat.net\/index.php\/tietoa-jasenille\/\" \/>\n<meta property=\"og:locale\" content=\"fi_FI\" \/>\n<meta property=\"og:type\" content=\"article\" \/>\n<meta property=\"og:title\" content=\"Tietoa j\u00e4senille - Espoon Merenkulkijat ry\" \/>\n<meta property=\"og:description\" content=\"Johtokunnan j\u00e4senilt\u00e4 voi ostaa mm. lippuja ja muita tarvikkeita: Koulutus ja p\u00e4tevyystodistukset: Seuralla ei ole s\u00e4\u00e4nn\u00f6llist\u00e4 koulutustoimintaa. Seurassa toimivat SPV:n auktorisoimat kouluttajat voivat my\u00f6nt\u00e4\u00e4 todistuksen k\u00e4yt\u00e4nn\u00f6n veneilytaidoista kansainv\u00e4list\u00e4 huviveneenkuljettajankirjaa varten [&hellip;]\" \/>\n<meta property=\"og:url\" content=\"https:\/\/espoonmerenkulkijat.net\/index.php\/tietoa-jasenille\/\" \/>\n<meta property=\"og:site_name\" content=\"Espoon Merenkulkijat ry\" \/>\n<meta property=\"article:modified_time\" content=\"2024-02-18T07:50:24+00:00\" \/>\n<meta property=\"og:image\" content=\"https:\/\/espoonmerenkulkijat.net\/wp-content\/uploads\/2020\/05\/linder-1024x772.jpg\" \/>\n<meta name=\"twitter:card\" content=\"summary_large_image\" \/>\n<meta name=\"twitter:label1\" content=\"Arvioitu lukuaika\" \/>\n\t<meta name=\"twitter:data1\" content=\"2 minuuttia\" \/>\n<script type=\"application\/ld+json\" class=\"yoast-schema-graph\">{\"@context\":\"https:\\\/\\\/schema.org\",\"@graph\":[{\"@type\":\"WebPage\",\"@id\":\"https:\\\/\\\/espoonmerenkulkijat.net\\\/index.php\\\/tietoa-jasenille\\\/\",\"url\":\"https:\\\/\\\/espoonmerenkulkijat.net\\\/index.php\\\/tietoa-jasenille\\\/\",\"name\":\"Tietoa j\u00e4senille - Espoon Merenkulkijat ry\",\"isPartOf\":{\"@id\":\"https:\\\/\\\/espoonmerenkulkijat.net\\\/#website\"},\"primaryImageOfPage\":{\"@id\":\"https:\\\/\\\/espoonmerenkulkijat.net\\\/index.php\\\/tietoa-jasenille\\\/#primaryimage\"},\"image\":{\"@id\":\"https:\\\/\\\/espoonmerenkulkijat.net\\\/index.php\\\/tietoa-jasenille\\\/#primaryimage\"},\"thumbnailUrl\":\"https:\\\/\\\/espoonmerenkulkijat.net\\\/wp-content\\\/uploads\\\/2020\\\/05\\\/linder-1024x772.jpg\",\"datePublished\":\"2020-01-22T17:54:19+00:00\",\"dateModified\":\"2024-02-18T07:50:24+00:00\",\"breadcrumb\":{\"@id\":\"https:\\\/\\\/espoonmerenkulkijat.net\\\/index.php\\\/tietoa-jasenille\\\/#breadcrumb\"},\"inLanguage\":\"fi\",\"potentialAction\":[{\"@type\":\"ReadAction\",\"target\":[\"https:\\\/\\\/espoonmerenkulkijat.net\\\/index.php\\\/tietoa-jasenille\\\/\"]}]},{\"@type\":\"ImageObject\",\"inLanguage\":\"fi\",\"@id\":\"https:\\\/\\\/espoonmerenkulkijat.net\\\/index.php\\\/tietoa-jasenille\\\/#primaryimage\",\"url\":\"https:\\\/\\\/espoonmerenkulkijat.net\\\/wp-content\\\/uploads\\\/2020\\\/05\\\/linder-scaled.jpg\",\"contentUrl\":\"https:\\\/\\\/espoonmerenkulkijat.net\\\/wp-content\\\/uploads\\\/2020\\\/05\\\/linder-scaled.jpg\",\"width\":2560,\"height\":1929},{\"@type\":\"BreadcrumbList\",\"@id\":\"https:\\\/\\\/espoonmerenkulkijat.net\\\/index.php\\\/tietoa-jasenille\\\/#breadcrumb\",\"itemListElement\":[{\"@type\":\"ListItem\",\"position\":1,\"name\":\"Etusivu\",\"item\":\"https:\\\/\\\/espoonmerenkulkijat.net\\\/\"},{\"@type\":\"ListItem\",\"position\":2,\"name\":\"Tietoa j\u00e4senille\"}]},{\"@type\":\"WebSite\",\"@id\":\"https:\\\/\\\/espoonmerenkulkijat.net\\\/#website\",\"url\":\"https:\\\/\\\/espoonmerenkulkijat.net\\\/\",\"name\":\"Espoon Merenkulkijat ry\",\"description\":\"\",\"publisher\":{\"@id\":\"https:\\\/\\\/espoonmerenkulkijat.net\\\/#organization\"},\"potentialAction\":[{\"@type\":\"SearchAction\",\"target\":{\"@type\":\"EntryPoint\",\"urlTemplate\":\"https:\\\/\\\/espoonmerenkulkijat.net\\\/?s={search_term_string}\"},\"query-input\":{\"@type\":\"PropertyValueSpecification\",\"valueRequired\":true,\"valueName\":\"search_term_string\"}}],\"inLanguage\":\"fi\"},{\"@type\":\"Organization\",\"@id\":\"https:\\\/\\\/espoonmerenkulkijat.net\\\/#organization\",\"name\":\"Espoon Merenkulkijat ry\",\"url\":\"https:\\\/\\\/espoonmerenkulkijat.net\\\/\",\"logo\":{\"@type\":\"ImageObject\",\"inLanguage\":\"fi\",\"@id\":\"https:\\\/\\\/espoonmerenkulkijat.net\\\/#\\\/schema\\\/logo\\\/image\\\/\",\"url\":\"https:\\\/\\\/espoonmerenkulkijat.net\\\/wp-content\\\/uploads\\\/2023\\\/01\\\/cropped-EM_50_juhlalogo_320x320.png\",\"contentUrl\":\"https:\\\/\\\/espoonmerenkulkijat.net\\\/wp-content\\\/uploads\\\/2023\\\/01\\\/cropped-EM_50_juhlalogo_320x320.png\",\"width\":320,\"height\":320,\"caption\":\"Espoon Merenkulkijat ry\"},\"image\":{\"@id\":\"https:\\\/\\\/espoonmerenkulkijat.net\\\/#\\\/schema\\\/logo\\\/image\\\/\"}}]}<\/script>\n<!-- \/ Yoast SEO plugin. -->","yoast_head_json":{"title":"Tietoa j\u00e4senille - Espoon Merenkulkijat ry","robots":{"index":"index","follow":"follow","max-snippet":"max-snippet:-1","max-image-preview":"max-image-preview:large","max-video-preview":"max-video-preview:-1"},"canonical":"https:\/\/espoonmerenkulkijat.net\/index.php\/tietoa-jasenille\/","og_locale":"fi_FI","og_type":"article","og_title":"Tietoa j\u00e4senille - Espoon Merenkulkijat ry","og_description":"Johtokunnan j\u00e4senilt\u00e4 voi ostaa mm. lippuja ja muita tarvikkeita: Koulutus ja p\u00e4tevyystodistukset: Seuralla ei ole s\u00e4\u00e4nn\u00f6llist\u00e4 koulutustoimintaa. Seurassa toimivat SPV:n auktorisoimat kouluttajat voivat my\u00f6nt\u00e4\u00e4 todistuksen k\u00e4yt\u00e4nn\u00f6n veneilytaidoista kansainv\u00e4list\u00e4 huviveneenkuljettajankirjaa varten [&hellip;]","og_url":"https:\/\/espoonmerenkulkijat.net\/index.php\/tietoa-jasenille\/","og_site_name":"Espoon Merenkulkijat ry","article_modified_time":"2024-02-18T07:50:24+00:00","og_image":[{"url":"https:\/\/espoonmerenkulkijat.net\/wp-content\/uploads\/2020\/05\/linder-1024x772.jpg","type":"","width":"","height":""}],"twitter_card":"summary_large_image","twitter_misc":{"Arvioitu lukuaika":"2 minuuttia"},"schema":{"@context":"https:\/\/schema.org","@graph":[{"@type":"WebPage","@id":"https:\/\/espoonmerenkulkijat.net\/index.php\/tietoa-jasenille\/","url":"https:\/\/espoonmerenkulkijat.net\/index.php\/tietoa-jasenille\/","name":"Tietoa j\u00e4senille - Espoon Merenkulkijat ry","isPartOf":{"@id":"https:\/\/espoonmerenkulkijat.net\/#website"},"primaryImageOfPage":{"@id":"https:\/\/espoonmerenkulkijat.net\/index.php\/tietoa-jasenille\/#primaryimage"},"image":{"@id":"https:\/\/espoonmerenkulkijat.net\/index.php\/tietoa-jasenille\/#primaryimage"},"thumbnailUrl":"https:\/\/espoonmerenkulkijat.net\/wp-content\/uploads\/2020\/05\/linder-1024x772.jpg","datePublished":"2020-01-22T17:54:19+00:00","dateModified":"2024-02-18T07:50:24+00:00","breadcrumb":{"@id":"https:\/\/espoonmerenkulkijat.net\/index.php\/tietoa-jasenille\/#breadcrumb"},"inLanguage":"fi","potentialAction":[{"@type":"ReadAction","target":["https:\/\/espoonmerenkulkijat.net\/index.php\/tietoa-jasenille\/"]}]},{"@type":"ImageObject","inLanguage":"fi","@id":"https:\/\/espoonmerenkulkijat.net\/index.php\/tietoa-jasenille\/#primaryimage","url":"https:\/\/espoonmerenkulkijat.net\/wp-content\/uploads\/2020\/05\/linder-scaled.jpg","contentUrl":"https:\/\/espoonmerenkulkijat.net\/wp-content\/uploads\/2020\/05\/linder-scaled.jpg","width":2560,"height":1929},{"@type":"BreadcrumbList","@id":"https:\/\/espoonmerenkulkijat.net\/index.php\/tietoa-jasenille\/#breadcrumb","itemListElement":[{"@type":"ListItem","position":1,"name":"Etusivu","item":"https:\/\/espoonmerenkulkijat.net\/"},{"@type":"ListItem","position":2,"name":"Tietoa j\u00e4senille"}]},{"@type":"WebSite","@id":"https:\/\/espoonmerenkulkijat.net\/#website","url":"https:\/\/espoonmerenkulkijat.net\/","name":"Espoon Merenkulkijat ry","description":"","publisher":{"@id":"https:\/\/espoonmerenkulkijat.net\/#organization"},"potentialAction":[{"@type":"SearchAction","target":{"@type":"EntryPoint","urlTemplate":"https:\/\/espoonmerenkulkijat.net\/?s={search_term_string}"},"query-input":{"@type":"PropertyValueSpecification","valueRequired":true,"valueName":"search_term_string"}}],"inLanguage":"fi"},{"@type":"Organization","@id":"https:\/\/espoonmerenkulkijat.net\/#organization","name":"Espoon Merenkulkijat ry","url":"https:\/\/espoonmerenkulkijat.net\/","logo":{"@type":"ImageObject","inLanguage":"fi","@id":"https:\/\/espoonmerenkulkijat.net\/#\/schema\/logo\/image\/","url":"https:\/\/espoonmerenkulkijat.net\/wp-content\/uploads\/2023\/01\/cropped-EM_50_juhlalogo_320x320.png","contentUrl":"https:\/\/espoonmerenkulkijat.net\/wp-content\/uploads\/2023\/01\/cropped-EM_50_juhlalogo_320x320.png","width":320,"height":320,"caption":"Espoon Merenkulkijat ry"},"image":{"@id":"https:\/\/espoonmerenkulkijat.net\/#\/schema\/logo\/image\/"}}]}},"_links":{"self":[{"href":"https:\/\/espoonmerenkulkijat.net\/index.php\/wp-json\/wp\/v2\/pages\/263","targetHints":{"allow":["GET"]}}],"collection":[{"href":"https:\/\/espoonmerenkulkijat.net\/index.php\/wp-json\/wp\/v2\/pages"}],"about":[{"href":"https:\/\/espoonmerenkulkijat.net\/index.php\/wp-json\/wp\/v2\/types\/page"}],"author":[{"embeddable":true,"href":"https:\/\/espoonmerenkulkijat.net\/index.php\/wp-json\/wp\/v2\/users\/3"}],"replies":[{"embeddable":true,"href":"https:\/\/espoonmerenkulkijat.net\/index.php\/wp-json\/wp\/v2\/comments?post=263"}],"version-history":[{"count":16,"href":"https:\/\/espoonmerenkulkijat.net\/index.php\/wp-json\/wp\/v2\/pages\/263\/revisions"}],"predecessor-version":[{"id":2409,"href":"https:\/\/espoonmerenkulkijat.net\/index.php\/wp-json\/wp\/v2\/pages\/263\/revisions\/2409"}],"wp:attachment":[{"href":"https:\/\/espoonmerenkulkijat.net\/index.php\/wp-json\/wp\/v2\/media?parent=263"}],"curies":[{"name":"wp","href":"https:\/\/api.w.org\/{rel}","templated":true}]}}