{"id":3035,"date":"2025-04-04T10:06:16","date_gmt":"2025-04-04T07:06:16","guid":{"rendered":"https:\/\/espoonmerenkulkijat.net\/?page_id=3035"},"modified":"2026-02-24T11:19:00","modified_gmt":"2026-02-24T09:19:00","slug":"venekerhot-fi-palvelu-jasenille","status":"publish","type":"page","link":"https:\/\/espoonmerenkulkijat.net\/index.php\/tietoa-jasenille\/venekerhot-fi-palvelu-jasenille\/","title":{"rendered":"Venekerhot.fi -palvelu j\u00e4senille"},"content":{"rendered":"\n<p>Otamme seuralle k\u00e4ytt\u00f6\u00f6n uuden s\u00e4hk\u00f6isen palvelun, <a href=\"https:\/\/www.venekerhot.fi\/em\" target=\"_blank\" rel=\"noreferrer noopener\">Venekerhot.fi<\/a>. Palvelu otetaan k\u00e4ytt\u00f6\u00f6n helpottamaan seuran sis\u00e4ist\u00e4 asiointia sek\u00e4 j\u00e4senten omien tietojen ja varausten hallintaa. Uuden j\u00e4rjestelm\u00e4n avulla j\u00e4senet voivat jatkossa hoitaa useita asioita k\u00e4tev\u00e4sti yhdest\u00e4 paikasta \u2013 silloin kun heille parhaiten sopii. K\u00e4ytt\u00f6\u00f6noton my\u00f6t\u00e4 johtokunnan ja seuran aktiivien ty\u00f6 helpottuu ja tiedonkulku sujuvoituu.&nbsp;<\/p>\n\n\n\n<h3 class=\"wp-block-heading\">Mit\u00e4 Venekerhot.fi-palvelussa voi tehd\u00e4?<\/h3>\n\n\n\n<p>Venekerhot.fi-palvelun kautta jokainen j\u00e4sen voi:<\/p>\n\n\n\n<ul class=\"wp-block-list\">\n<li>varata vartiovuorot<\/li>\n\n\n\n<li>varata veneen katsastusaikoja<\/li>\n\n\n\n<li>vuokrata seuran Majaa omaan k\u00e4ytt\u00f6\u00f6ns\u00e4<\/li>\n\n\n\n<li>katsella ja p\u00e4ivitt\u00e4\u00e4 omia j\u00e4sen- ja venetietojaan<\/li>\n\n\n\n<li>ilmoittautua seuran tapahtumiin<\/li>\n\n\n\n<li>katsella laituri- ja talvis\u00e4ilytyspaikkatietoja<\/li>\n\n\n\n<li>tutustua vuosikokouksen materiaaleihin<\/li>\n<\/ul>\n\n\n\n<p>Palvelu on suunniteltu helppok\u00e4ytt\u00f6iseksi ja se toimii selaimessa sek\u00e4 tietokoneella ett\u00e4 mobiililaitteilla.<\/p>\n\n\n\n<h3 class=\"wp-block-heading\">Tunnukset ja k\u00e4ytt\u00f6\u00f6notto<\/h3>\n\n\n\n<p>Kaikki seuran j\u00e4senet \u2013 mukaan lukien venepaikkojen vuokralaiset \u2013 ovat saaneet  henkil\u00f6kohtaiset k\u00e4ytt\u00e4j\u00e4tunnukset Venekerhot.fi-palveluun kev\u00e4\u00e4ll\u00e4 2025. Tunnukset toimitettiin s\u00e4hk\u00f6postitse 9.4.2025 noin klo 10.00 siihen s\u00e4hk\u00f6postiosoitteeseen, joka on merkitty j\u00e4senrekisteriin.&nbsp;Mik\u00e4li et ole saanut tunnuksia  ole yhteydess\u00e4 johtokuntaan niin l\u00e4hetet\u00e4\u00e4n tunnukset uudelleen. Tarkasta my\u00f6s s\u00e4hk\u00f6postisi roskapostikansiot. <\/p>\n\n\n\n<p class=\"has-text-align-left has-black-color has-luminous-vivid-amber-background-color has-text-color has-background has-link-color has-medium-font-size wp-elements-47fd48e71e5a9d0831f751509235232d\">JOS sinulla ei ole tunnusta palveluun, niin pyyd\u00e4 se johtokunnalta s\u00e4hk\u00f6postitse.<\/p>\n\n\n\n<p><\/p>\n\n\n\n<p><\/p>\n\n\n\n<p><\/p>\n\n\n\n<p class=\"has-medium-font-size\">Palvelu l\u00f6ytyy osoitteesta&nbsp; <a href=\"https:\/\/www.venekerhot.fi\/em\" target=\"_blank\" rel=\"noreferrer noopener nofollow\">https:\/\/www.venekerhot.fi\/em<\/a><\/p>\n\n\n\n<h3 class=\"wp-block-heading\">Apua palvelun k\u00e4ytt\u00f6\u00f6nottoon&nbsp;<\/h3>\n\n\n\n<p>Jos kaipaat apua palvelun k\u00e4ytt\u00f6\u00f6nottoon tai et saa k\u00e4ytt\u00e4j\u00e4tunnusta ja salasanaa j\u00e4senrekisteriin merkattuun s\u00e4hk\u00f6postiisi ota yhteytt\u00e4 johtokuntaan s\u00e4hk\u00f6postilla <a href=\"mailto:posti@espoonmerenkulkijat.net\">posti@espoonmerenkulkijat.net<\/a>.&nbsp;&nbsp;<\/p>\n\n\n\n<p class=\"has-large-font-size\">Venekerhot.fi palvelun k\u00e4ytt\u00f6ohjeet<\/p>\n\n\n\n<div data-wp-interactive=\"core\/file\" class=\"wp-block-file alignfull\"><object data-wp-bind--hidden=\"!state.hasPdfPreview\" hidden class=\"wp-block-file__embed\" data=\"https:\/\/espoonmerenkulkijat.net\/wp-content\/uploads\/2025\/04\/Ohjeita-venekerhot-palvelun-kayttoon-1.pdf\" type=\"application\/pdf\" style=\"width:100%;height:600px\" aria-label=\"Tiedoston Ohjeita venekerhot palvelun ka\u0308ytto\u0308o\u0308n upotus.\"><\/object><a id=\"wp-block-file--media-a41b1cd1-26c6-4856-b0db-f5c9d4e8d508\" href=\"https:\/\/espoonmerenkulkijat.net\/wp-content\/uploads\/2025\/04\/Ohjeita-venekerhot-palvelun-kayttoon-1.pdf\">Ohjeita venekerhot palvelun ka\u0308ytto\u0308o\u0308n<\/a><a href=\"https:\/\/espoonmerenkulkijat.net\/wp-content\/uploads\/2025\/04\/Ohjeita-venekerhot-palvelun-kayttoon-1.pdf\" class=\"wp-block-file__button wp-element-button\" download aria-describedby=\"wp-block-file--media-a41b1cd1-26c6-4856-b0db-f5c9d4e8d508\">Lataa<\/a><\/div>\n\n\n\n<p><\/p>\n","protected":false},"excerpt":{"rendered":"<p>Otamme seuralle k\u00e4ytt\u00f6\u00f6n uuden s\u00e4hk\u00f6isen palvelun, Venekerhot.fi. Palvelu otetaan k\u00e4ytt\u00f6\u00f6n helpottamaan seuran sis\u00e4ist\u00e4 asiointia sek\u00e4 j\u00e4senten omien tietojen ja varausten hallintaa. Uuden j\u00e4rjestelm\u00e4n avulla j\u00e4senet voivat jatkossa hoitaa useita asioita [&hellip;]<\/p>\n","protected":false},"author":2,"featured_media":3036,"parent":263,"menu_order":0,"comment_status":"closed","ping_status":"closed","template":"","meta":{"site-sidebar-layout":"default","site-content-layout":"","ast-site-content-layout":"default","site-content-style":"default","site-sidebar-style":"default","ast-global-header-display":"","ast-banner-title-visibility":"","ast-main-header-display":"","ast-hfb-above-header-display":"","ast-hfb-below-header-display":"","ast-hfb-mobile-header-display":"","site-post-title":"","ast-breadcrumbs-content":"","ast-featured-img":"","footer-sml-layout":"","ast-disable-related-posts":"","theme-transparent-header-meta":"","adv-header-id-meta":"","stick-header-meta":"","header-above-stick-meta":"","header-main-stick-meta":"","header-below-stick-meta":"","astra-migrate-meta-layouts":"set","ast-page-background-enabled":"default","ast-page-background-meta":{"desktop":{"background-color":"","background-image":"","background-repeat":"repeat","background-position":"center center","background-size":"auto","background-attachment":"scroll","background-type":"","background-media":"","overlay-type":"","overlay-color":"","overlay-opacity":"","overlay-gradient":""},"tablet":{"background-color":"","background-image":"","background-repeat":"repeat","background-position":"center center","background-size":"auto","background-attachment":"scroll","background-type":"","background-media":"","overlay-type":"","overlay-color":"","overlay-opacity":"","overlay-gradient":""},"mobile":{"background-color":"","background-image":"","background-repeat":"repeat","background-position":"center center","background-size":"auto","background-attachment":"scroll","background-type":"","background-media":"","overlay-type":"","overlay-color":"","overlay-opacity":"","overlay-gradient":""}},"ast-content-background-meta":{"desktop":{"background-color":"var(--ast-global-color-5)","background-image":"","background-repeat":"repeat","background-position":"center center","background-size":"auto","background-attachment":"scroll","background-type":"","background-media":"","overlay-type":"","overlay-color":"","overlay-opacity":"","overlay-gradient":""},"tablet":{"background-color":"var(--ast-global-color-5)","background-image":"","background-repeat":"repeat","background-position":"center center","background-size":"auto","background-attachment":"scroll","background-type":"","background-media":"","overlay-type":"","overlay-color":"","overlay-opacity":"","overlay-gradient":""},"mobile":{"background-color":"var(--ast-global-color-5)","background-image":"","background-repeat":"repeat","background-position":"center center","background-size":"auto","background-attachment":"scroll","background-type":"","background-media":"","overlay-type":"","overlay-color":"","overlay-opacity":"","overlay-gradient":""}},"footnotes":""},"class_list":["post-3035","page","type-page","status-publish","has-post-thumbnail","hentry"],"yoast_head":"<!-- This site is optimized with the Yoast SEO plugin v27.3 - https:\/\/yoast.com\/product\/yoast-seo-wordpress\/ -->\n<title>Venekerhot.fi -palvelu j\u00e4senille - Espoon Merenkulkijat ry<\/title>\n<meta name=\"robots\" content=\"index, follow, max-snippet:-1, max-image-preview:large, max-video-preview:-1\" \/>\n<link rel=\"canonical\" href=\"https:\/\/espoonmerenkulkijat.net\/index.php\/tietoa-jasenille\/venekerhot-fi-palvelu-jasenille\/\" \/>\n<meta property=\"og:locale\" content=\"fi_FI\" \/>\n<meta property=\"og:type\" content=\"article\" \/>\n<meta property=\"og:title\" content=\"Venekerhot.fi -palvelu j\u00e4senille - Espoon Merenkulkijat ry\" \/>\n<meta property=\"og:description\" content=\"Otamme seuralle k\u00e4ytt\u00f6\u00f6n uuden s\u00e4hk\u00f6isen palvelun, Venekerhot.fi. Palvelu otetaan k\u00e4ytt\u00f6\u00f6n helpottamaan seuran sis\u00e4ist\u00e4 asiointia sek\u00e4 j\u00e4senten omien tietojen ja varausten hallintaa. Uuden j\u00e4rjestelm\u00e4n avulla j\u00e4senet voivat jatkossa hoitaa useita asioita [&hellip;]\" \/>\n<meta property=\"og:url\" content=\"https:\/\/espoonmerenkulkijat.net\/index.php\/tietoa-jasenille\/venekerhot-fi-palvelu-jasenille\/\" \/>\n<meta property=\"og:site_name\" content=\"Espoon Merenkulkijat ry\" \/>\n<meta property=\"article:modified_time\" content=\"2026-02-24T09:19:00+00:00\" \/>\n<meta property=\"og:image\" content=\"https:\/\/espoonmerenkulkijat.net\/wp-content\/uploads\/2025\/04\/Screenshot-2025-04-04-at-10.02.51.png\" \/>\n\t<meta property=\"og:image:width\" content=\"3382\" \/>\n\t<meta property=\"og:image:height\" content=\"1770\" \/>\n\t<meta property=\"og:image:type\" content=\"image\/png\" \/>\n<meta name=\"twitter:card\" content=\"summary_large_image\" \/>\n<meta name=\"twitter:label1\" content=\"Arvioitu lukuaika\" \/>\n\t<meta name=\"twitter:data1\" content=\"2 minuuttia\" \/>\n<script type=\"application\/ld+json\" class=\"yoast-schema-graph\">{\"@context\":\"https:\\\/\\\/schema.org\",\"@graph\":[{\"@type\":\"WebPage\",\"@id\":\"https:\\\/\\\/espoonmerenkulkijat.net\\\/index.php\\\/tietoa-jasenille\\\/venekerhot-fi-palvelu-jasenille\\\/\",\"url\":\"https:\\\/\\\/espoonmerenkulkijat.net\\\/index.php\\\/tietoa-jasenille\\\/venekerhot-fi-palvelu-jasenille\\\/\",\"name\":\"Venekerhot.fi -palvelu j\u00e4senille - Espoon Merenkulkijat ry\",\"isPartOf\":{\"@id\":\"https:\\\/\\\/espoonmerenkulkijat.net\\\/#website\"},\"primaryImageOfPage\":{\"@id\":\"https:\\\/\\\/espoonmerenkulkijat.net\\\/index.php\\\/tietoa-jasenille\\\/venekerhot-fi-palvelu-jasenille\\\/#primaryimage\"},\"image\":{\"@id\":\"https:\\\/\\\/espoonmerenkulkijat.net\\\/index.php\\\/tietoa-jasenille\\\/venekerhot-fi-palvelu-jasenille\\\/#primaryimage\"},\"thumbnailUrl\":\"https:\\\/\\\/espoonmerenkulkijat.net\\\/wp-content\\\/uploads\\\/2025\\\/04\\\/Screenshot-2025-04-04-at-10.02.51.png\",\"datePublished\":\"2025-04-04T07:06:16+00:00\",\"dateModified\":\"2026-02-24T09:19:00+00:00\",\"breadcrumb\":{\"@id\":\"https:\\\/\\\/espoonmerenkulkijat.net\\\/index.php\\\/tietoa-jasenille\\\/venekerhot-fi-palvelu-jasenille\\\/#breadcrumb\"},\"inLanguage\":\"fi\",\"potentialAction\":[{\"@type\":\"ReadAction\",\"target\":[\"https:\\\/\\\/espoonmerenkulkijat.net\\\/index.php\\\/tietoa-jasenille\\\/venekerhot-fi-palvelu-jasenille\\\/\"]}]},{\"@type\":\"ImageObject\",\"inLanguage\":\"fi\",\"@id\":\"https:\\\/\\\/espoonmerenkulkijat.net\\\/index.php\\\/tietoa-jasenille\\\/venekerhot-fi-palvelu-jasenille\\\/#primaryimage\",\"url\":\"https:\\\/\\\/espoonmerenkulkijat.net\\\/wp-content\\\/uploads\\\/2025\\\/04\\\/Screenshot-2025-04-04-at-10.02.51.png\",\"contentUrl\":\"https:\\\/\\\/espoonmerenkulkijat.net\\\/wp-content\\\/uploads\\\/2025\\\/04\\\/Screenshot-2025-04-04-at-10.02.51.png\",\"width\":3382,\"height\":1770},{\"@type\":\"BreadcrumbList\",\"@id\":\"https:\\\/\\\/espoonmerenkulkijat.net\\\/index.php\\\/tietoa-jasenille\\\/venekerhot-fi-palvelu-jasenille\\\/#breadcrumb\",\"itemListElement\":[{\"@type\":\"ListItem\",\"position\":1,\"name\":\"Etusivu\",\"item\":\"https:\\\/\\\/espoonmerenkulkijat.net\\\/\"},{\"@type\":\"ListItem\",\"position\":2,\"name\":\"Tietoa j\u00e4senille\",\"item\":\"https:\\\/\\\/espoonmerenkulkijat.net\\\/index.php\\\/tietoa-jasenille\\\/\"},{\"@type\":\"ListItem\",\"position\":3,\"name\":\"Venekerhot.fi -palvelu j\u00e4senille\"}]},{\"@type\":\"WebSite\",\"@id\":\"https:\\\/\\\/espoonmerenkulkijat.net\\\/#website\",\"url\":\"https:\\\/\\\/espoonmerenkulkijat.net\\\/\",\"name\":\"Espoon Merenkulkijat ry\",\"description\":\"\",\"publisher\":{\"@id\":\"https:\\\/\\\/espoonmerenkulkijat.net\\\/#organization\"},\"potentialAction\":[{\"@type\":\"SearchAction\",\"target\":{\"@type\":\"EntryPoint\",\"urlTemplate\":\"https:\\\/\\\/espoonmerenkulkijat.net\\\/?s={search_term_string}\"},\"query-input\":{\"@type\":\"PropertyValueSpecification\",\"valueRequired\":true,\"valueName\":\"search_term_string\"}}],\"inLanguage\":\"fi\"},{\"@type\":\"Organization\",\"@id\":\"https:\\\/\\\/espoonmerenkulkijat.net\\\/#organization\",\"name\":\"Espoon Merenkulkijat ry\",\"url\":\"https:\\\/\\\/espoonmerenkulkijat.net\\\/\",\"logo\":{\"@type\":\"ImageObject\",\"inLanguage\":\"fi\",\"@id\":\"https:\\\/\\\/espoonmerenkulkijat.net\\\/#\\\/schema\\\/logo\\\/image\\\/\",\"url\":\"https:\\\/\\\/espoonmerenkulkijat.net\\\/wp-content\\\/uploads\\\/2023\\\/01\\\/cropped-EM_50_juhlalogo_320x320.png\",\"contentUrl\":\"https:\\\/\\\/espoonmerenkulkijat.net\\\/wp-content\\\/uploads\\\/2023\\\/01\\\/cropped-EM_50_juhlalogo_320x320.png\",\"width\":320,\"height\":320,\"caption\":\"Espoon Merenkulkijat ry\"},\"image\":{\"@id\":\"https:\\\/\\\/espoonmerenkulkijat.net\\\/#\\\/schema\\\/logo\\\/image\\\/\"}}]}<\/script>\n<!-- \/ Yoast SEO plugin. -->","yoast_head_json":{"title":"Venekerhot.fi -palvelu j\u00e4senille - Espoon Merenkulkijat ry","robots":{"index":"index","follow":"follow","max-snippet":"max-snippet:-1","max-image-preview":"max-image-preview:large","max-video-preview":"max-video-preview:-1"},"canonical":"https:\/\/espoonmerenkulkijat.net\/index.php\/tietoa-jasenille\/venekerhot-fi-palvelu-jasenille\/","og_locale":"fi_FI","og_type":"article","og_title":"Venekerhot.fi -palvelu j\u00e4senille - Espoon Merenkulkijat ry","og_description":"Otamme seuralle k\u00e4ytt\u00f6\u00f6n uuden s\u00e4hk\u00f6isen palvelun, Venekerhot.fi. Palvelu otetaan k\u00e4ytt\u00f6\u00f6n helpottamaan seuran sis\u00e4ist\u00e4 asiointia sek\u00e4 j\u00e4senten omien tietojen ja varausten hallintaa. Uuden j\u00e4rjestelm\u00e4n avulla j\u00e4senet voivat jatkossa hoitaa useita asioita [&hellip;]","og_url":"https:\/\/espoonmerenkulkijat.net\/index.php\/tietoa-jasenille\/venekerhot-fi-palvelu-jasenille\/","og_site_name":"Espoon Merenkulkijat ry","article_modified_time":"2026-02-24T09:19:00+00:00","og_image":[{"width":3382,"height":1770,"url":"https:\/\/espoonmerenkulkijat.net\/wp-content\/uploads\/2025\/04\/Screenshot-2025-04-04-at-10.02.51.png","type":"image\/png"}],"twitter_card":"summary_large_image","twitter_misc":{"Arvioitu lukuaika":"2 minuuttia"},"schema":{"@context":"https:\/\/schema.org","@graph":[{"@type":"WebPage","@id":"https:\/\/espoonmerenkulkijat.net\/index.php\/tietoa-jasenille\/venekerhot-fi-palvelu-jasenille\/","url":"https:\/\/espoonmerenkulkijat.net\/index.php\/tietoa-jasenille\/venekerhot-fi-palvelu-jasenille\/","name":"Venekerhot.fi -palvelu j\u00e4senille - Espoon Merenkulkijat ry","isPartOf":{"@id":"https:\/\/espoonmerenkulkijat.net\/#website"},"primaryImageOfPage":{"@id":"https:\/\/espoonmerenkulkijat.net\/index.php\/tietoa-jasenille\/venekerhot-fi-palvelu-jasenille\/#primaryimage"},"image":{"@id":"https:\/\/espoonmerenkulkijat.net\/index.php\/tietoa-jasenille\/venekerhot-fi-palvelu-jasenille\/#primaryimage"},"thumbnailUrl":"https:\/\/espoonmerenkulkijat.net\/wp-content\/uploads\/2025\/04\/Screenshot-2025-04-04-at-10.02.51.png","datePublished":"2025-04-04T07:06:16+00:00","dateModified":"2026-02-24T09:19:00+00:00","breadcrumb":{"@id":"https:\/\/espoonmerenkulkijat.net\/index.php\/tietoa-jasenille\/venekerhot-fi-palvelu-jasenille\/#breadcrumb"},"inLanguage":"fi","potentialAction":[{"@type":"ReadAction","target":["https:\/\/espoonmerenkulkijat.net\/index.php\/tietoa-jasenille\/venekerhot-fi-palvelu-jasenille\/"]}]},{"@type":"ImageObject","inLanguage":"fi","@id":"https:\/\/espoonmerenkulkijat.net\/index.php\/tietoa-jasenille\/venekerhot-fi-palvelu-jasenille\/#primaryimage","url":"https:\/\/espoonmerenkulkijat.net\/wp-content\/uploads\/2025\/04\/Screenshot-2025-04-04-at-10.02.51.png","contentUrl":"https:\/\/espoonmerenkulkijat.net\/wp-content\/uploads\/2025\/04\/Screenshot-2025-04-04-at-10.02.51.png","width":3382,"height":1770},{"@type":"BreadcrumbList","@id":"https:\/\/espoonmerenkulkijat.net\/index.php\/tietoa-jasenille\/venekerhot-fi-palvelu-jasenille\/#breadcrumb","itemListElement":[{"@type":"ListItem","position":1,"name":"Etusivu","item":"https:\/\/espoonmerenkulkijat.net\/"},{"@type":"ListItem","position":2,"name":"Tietoa j\u00e4senille","item":"https:\/\/espoonmerenkulkijat.net\/index.php\/tietoa-jasenille\/"},{"@type":"ListItem","position":3,"name":"Venekerhot.fi -palvelu j\u00e4senille"}]},{"@type":"WebSite","@id":"https:\/\/espoonmerenkulkijat.net\/#website","url":"https:\/\/espoonmerenkulkijat.net\/","name":"Espoon Merenkulkijat ry","description":"","publisher":{"@id":"https:\/\/espoonmerenkulkijat.net\/#organization"},"potentialAction":[{"@type":"SearchAction","target":{"@type":"EntryPoint","urlTemplate":"https:\/\/espoonmerenkulkijat.net\/?s={search_term_string}"},"query-input":{"@type":"PropertyValueSpecification","valueRequired":true,"valueName":"search_term_string"}}],"inLanguage":"fi"},{"@type":"Organization","@id":"https:\/\/espoonmerenkulkijat.net\/#organization","name":"Espoon Merenkulkijat ry","url":"https:\/\/espoonmerenkulkijat.net\/","logo":{"@type":"ImageObject","inLanguage":"fi","@id":"https:\/\/espoonmerenkulkijat.net\/#\/schema\/logo\/image\/","url":"https:\/\/espoonmerenkulkijat.net\/wp-content\/uploads\/2023\/01\/cropped-EM_50_juhlalogo_320x320.png","contentUrl":"https:\/\/espoonmerenkulkijat.net\/wp-content\/uploads\/2023\/01\/cropped-EM_50_juhlalogo_320x320.png","width":320,"height":320,"caption":"Espoon Merenkulkijat ry"},"image":{"@id":"https:\/\/espoonmerenkulkijat.net\/#\/schema\/logo\/image\/"}}]}},"_links":{"self":[{"href":"https:\/\/espoonmerenkulkijat.net\/index.php\/wp-json\/wp\/v2\/pages\/3035","targetHints":{"allow":["GET"]}}],"collection":[{"href":"https:\/\/espoonmerenkulkijat.net\/index.php\/wp-json\/wp\/v2\/pages"}],"about":[{"href":"https:\/\/espoonmerenkulkijat.net\/index.php\/wp-json\/wp\/v2\/types\/page"}],"author":[{"embeddable":true,"href":"https:\/\/espoonmerenkulkijat.net\/index.php\/wp-json\/wp\/v2\/users\/2"}],"replies":[{"embeddable":true,"href":"https:\/\/espoonmerenkulkijat.net\/index.php\/wp-json\/wp\/v2\/comments?post=3035"}],"version-history":[{"count":12,"href":"https:\/\/espoonmerenkulkijat.net\/index.php\/wp-json\/wp\/v2\/pages\/3035\/revisions"}],"predecessor-version":[{"id":3403,"href":"https:\/\/espoonmerenkulkijat.net\/index.php\/wp-json\/wp\/v2\/pages\/3035\/revisions\/3403"}],"up":[{"embeddable":true,"href":"https:\/\/espoonmerenkulkijat.net\/index.php\/wp-json\/wp\/v2\/pages\/263"}],"wp:featuredmedia":[{"embeddable":true,"href":"https:\/\/espoonmerenkulkijat.net\/index.php\/wp-json\/wp\/v2\/media\/3036"}],"wp:attachment":[{"href":"https:\/\/espoonmerenkulkijat.net\/index.php\/wp-json\/wp\/v2\/media?parent=3035"}],"curies":[{"name":"wp","href":"https:\/\/api.w.org\/{rel}","templated":true}]}}