{"id":402,"date":"2020-03-29T18:13:39","date_gmt":"2020-03-29T15:13:39","guid":{"rendered":"http:\/\/espoonmerenkulkijat.net\/?page_id=402"},"modified":"2025-04-08T08:30:16","modified_gmt":"2025-04-08T05:30:16","slug":"talvisailytys","status":"publish","type":"page","link":"https:\/\/espoonmerenkulkijat.net\/index.php\/talvisailytys\/","title":{"rendered":"Talvis\u00e4ilytys"},"content":{"rendered":"\n<p>Talvis\u00e4ilytys on mahdollista Nokkalan sataman alueella. Talvis\u00e4ilytykseen ei ole erillist\u00e4 ilmoittautumista, vaan toive tulevan talven paikasta ilmoitetaan kes\u00e4paikkaa haettaessa. Ilmoita mahdollisista muutoksista hyviss\u00e4 ajoin ennen syksy\u00e4 seuran venepaikkavastaavalle. Talvipaikan osalta peruutus on teht\u00e4v\u00e4 elokuun loppuun menness\u00e4, syyskuussa tapahtuneesta peruutuksesta veloitetaan 50% talvipaikan hinnasta ja t\u00e4m\u00e4n j\u00e4lkeen 100%. <\/p>\n\n\n\n<p>Venepaikkavastaava jakaa vuosittain talvis\u00e4ilytyspaikat. Kartta ja lista paikoista julkaistaan loppukes\u00e4st\u00e4 j\u00e4sensivuilla <a href=\"https:\/\/venekerhot.fi\/em#\/placesmap1\" target=\"_blank\" rel=\"noreferrer noopener\">venekerhot.fi<\/a> -palvelussa. &nbsp;<br><br>Palovaaran takia talvis\u00e4ilytyksess\u00e4 olevissa veneiss\u00e4 saa s\u00e4hk\u00f6\u00e4 k\u00e4ytt\u00e4\u00e4 vain omistajan\/haltijan ollessa paikalla. Muistutamme my\u00f6s, ett\u00e4 tikkaat tai veneeseen p\u00e4\u00e4syn mahdollistavat pukit tai muut vastaavat irtotavarat on lukittava ja estett\u00e4v\u00e4 mahdollisten ulkopuolisten p\u00e4\u00e4sy veneisiin.<\/p>\n\n\n\n<p>Talvis\u00e4ilytyksess\u00e4 olevat veneet merkit\u00e4\u00e4n.&nbsp;Pid\u00e4 my\u00f6s naapurin venett\u00e4 v\u00e4h\u00e4n silm\u00e4ll\u00e4! Mahdollisista vahingonteoista ja ep\u00e4ilyist\u00e4 voi ilmoittaa satamakapteenille.&nbsp;<\/p>\n\n\n\n<p>Suosittelemme k\u00e4ytt\u00e4m\u00e4\u00e4n veneiden suojina raskaita pressuja, jotka pysyv\u00e4t paikallaan kovallakin myrskyll\u00e4. N\u00e4in huomioimme my\u00f6s naapuruston asukkaat, kun kevyet pressut eiv\u00e4t pauku eiv\u00e4tk\u00e4 lentele satamassa.<\/p>\n\n\n\n<p>Talvis\u00e4ilytysalueet:<\/p>\n\n\n\n<figure class=\"wp-block-image size-large\"><img loading=\"lazy\" decoding=\"async\" width=\"1024\" height=\"436\" src=\"https:\/\/espoonmerenkulkijat.net\/wp-content\/uploads\/2025\/04\/talvipaikkakartta-1024x436.png\" alt=\"\" class=\"wp-image-3106\" srcset=\"https:\/\/espoonmerenkulkijat.net\/wp-content\/uploads\/2025\/04\/talvipaikkakartta-1024x436.png 1024w, https:\/\/espoonmerenkulkijat.net\/wp-content\/uploads\/2025\/04\/talvipaikkakartta-300x128.png 300w, https:\/\/espoonmerenkulkijat.net\/wp-content\/uploads\/2025\/04\/talvipaikkakartta-768x327.png 768w, https:\/\/espoonmerenkulkijat.net\/wp-content\/uploads\/2025\/04\/talvipaikkakartta-1536x655.png 1536w, https:\/\/espoonmerenkulkijat.net\/wp-content\/uploads\/2025\/04\/talvipaikkakartta-2048x873.png 2048w\" sizes=\"auto, (max-width: 1024px) 100vw, 1024px\" \/><\/figure>\n","protected":false},"excerpt":{"rendered":"<p>Talvis\u00e4ilytys on mahdollista Nokkalan sataman alueella. Talvis\u00e4ilytykseen ei ole erillist\u00e4 ilmoittautumista, vaan toive tulevan talven paikasta ilmoitetaan kes\u00e4paikkaa haettaessa. Ilmoita mahdollisista muutoksista hyviss\u00e4 ajoin ennen syksy\u00e4 seuran venepaikkavastaavalle. Talvipaikan osalta [&hellip;]<\/p>\n","protected":false},"author":3,"featured_media":0,"parent":0,"menu_order":0,"comment_status":"closed","ping_status":"closed","template":"","meta":{"site-sidebar-layout":"default","site-content-layout":"default","ast-site-content-layout":"default","site-content-style":"default","site-sidebar-style":"default","ast-global-header-display":"","ast-banner-title-visibility":"","ast-main-header-display":"","ast-hfb-above-header-display":"","ast-hfb-below-header-display":"","ast-hfb-mobile-header-display":"","site-post-title":"","ast-breadcrumbs-content":"","ast-featured-img":"","footer-sml-layout":"","ast-disable-related-posts":"","theme-transparent-header-meta":"default","adv-header-id-meta":"","stick-header-meta":"","header-above-stick-meta":"","header-main-stick-meta":"","header-below-stick-meta":"","astra-migrate-meta-layouts":"set","ast-page-background-enabled":"default","ast-page-background-meta":{"desktop":{"background-color":"","background-image":"","background-repeat":"repeat","background-position":"center center","background-size":"auto","background-attachment":"scroll","background-type":"","background-media":"","overlay-type":"","overlay-color":"","overlay-opacity":"","overlay-gradient":""},"tablet":{"background-color":"","background-image":"","background-repeat":"repeat","background-position":"center center","background-size":"auto","background-attachment":"scroll","background-type":"","background-media":"","overlay-type":"","overlay-color":"","overlay-opacity":"","overlay-gradient":""},"mobile":{"background-color":"","background-image":"","background-repeat":"repeat","background-position":"center center","background-size":"auto","background-attachment":"scroll","background-type":"","background-media":"","overlay-type":"","overlay-color":"","overlay-opacity":"","overlay-gradient":""}},"ast-content-background-meta":{"desktop":{"background-color":"var(--ast-global-color-5)","background-image":"","background-repeat":"repeat","background-position":"center center","background-size":"auto","background-attachment":"scroll","background-type":"","background-media":"","overlay-type":"","overlay-color":"","overlay-opacity":"","overlay-gradient":""},"tablet":{"background-color":"var(--ast-global-color-5)","background-image":"","background-repeat":"repeat","background-position":"center center","background-size":"auto","background-attachment":"scroll","background-type":"","background-media":"","overlay-type":"","overlay-color":"","overlay-opacity":"","overlay-gradient":""},"mobile":{"background-color":"var(--ast-global-color-5)","background-image":"","background-repeat":"repeat","background-position":"center center","background-size":"auto","background-attachment":"scroll","background-type":"","background-media":"","overlay-type":"","overlay-color":"","overlay-opacity":"","overlay-gradient":""}},"footnotes":""},"class_list":["post-402","page","type-page","status-publish","hentry"],"yoast_head":"<!-- This site is optimized with the Yoast SEO plugin v27.3 - https:\/\/yoast.com\/product\/yoast-seo-wordpress\/ -->\n<title>Talvis\u00e4ilytys - Espoon Merenkulkijat ry<\/title>\n<meta name=\"robots\" content=\"index, follow, max-snippet:-1, max-image-preview:large, max-video-preview:-1\" \/>\n<link rel=\"canonical\" href=\"https:\/\/espoonmerenkulkijat.net\/index.php\/talvisailytys\/\" \/>\n<meta property=\"og:locale\" content=\"fi_FI\" \/>\n<meta property=\"og:type\" content=\"article\" \/>\n<meta property=\"og:title\" content=\"Talvis\u00e4ilytys - Espoon Merenkulkijat ry\" \/>\n<meta property=\"og:description\" content=\"Talvis\u00e4ilytys on mahdollista Nokkalan sataman alueella. Talvis\u00e4ilytykseen ei ole erillist\u00e4 ilmoittautumista, vaan toive tulevan talven paikasta ilmoitetaan kes\u00e4paikkaa haettaessa. Ilmoita mahdollisista muutoksista hyviss\u00e4 ajoin ennen syksy\u00e4 seuran venepaikkavastaavalle. Talvipaikan osalta [&hellip;]\" \/>\n<meta property=\"og:url\" content=\"https:\/\/espoonmerenkulkijat.net\/index.php\/talvisailytys\/\" \/>\n<meta property=\"og:site_name\" content=\"Espoon Merenkulkijat ry\" \/>\n<meta property=\"article:modified_time\" content=\"2025-04-08T05:30:16+00:00\" \/>\n<meta property=\"og:image\" content=\"https:\/\/espoonmerenkulkijat.net\/wp-content\/uploads\/2025\/04\/talvipaikkakartta.png\" \/>\n\t<meta property=\"og:image:width\" content=\"3001\" \/>\n\t<meta property=\"og:image:height\" content=\"1279\" \/>\n\t<meta property=\"og:image:type\" content=\"image\/png\" \/>\n<meta name=\"twitter:card\" content=\"summary_large_image\" \/>\n<meta name=\"twitter:label1\" content=\"Arvioitu lukuaika\" \/>\n\t<meta name=\"twitter:data1\" content=\"2 minuuttia\" \/>\n<script type=\"application\/ld+json\" class=\"yoast-schema-graph\">{\"@context\":\"https:\\\/\\\/schema.org\",\"@graph\":[{\"@type\":\"WebPage\",\"@id\":\"https:\\\/\\\/espoonmerenkulkijat.net\\\/index.php\\\/talvisailytys\\\/\",\"url\":\"https:\\\/\\\/espoonmerenkulkijat.net\\\/index.php\\\/talvisailytys\\\/\",\"name\":\"Talvis\u00e4ilytys - Espoon Merenkulkijat ry\",\"isPartOf\":{\"@id\":\"https:\\\/\\\/espoonmerenkulkijat.net\\\/#website\"},\"primaryImageOfPage\":{\"@id\":\"https:\\\/\\\/espoonmerenkulkijat.net\\\/index.php\\\/talvisailytys\\\/#primaryimage\"},\"image\":{\"@id\":\"https:\\\/\\\/espoonmerenkulkijat.net\\\/index.php\\\/talvisailytys\\\/#primaryimage\"},\"thumbnailUrl\":\"https:\\\/\\\/espoonmerenkulkijat.net\\\/wp-content\\\/uploads\\\/2025\\\/04\\\/talvipaikkakartta-1024x436.png\",\"datePublished\":\"2020-03-29T15:13:39+00:00\",\"dateModified\":\"2025-04-08T05:30:16+00:00\",\"breadcrumb\":{\"@id\":\"https:\\\/\\\/espoonmerenkulkijat.net\\\/index.php\\\/talvisailytys\\\/#breadcrumb\"},\"inLanguage\":\"fi\",\"potentialAction\":[{\"@type\":\"ReadAction\",\"target\":[\"https:\\\/\\\/espoonmerenkulkijat.net\\\/index.php\\\/talvisailytys\\\/\"]}]},{\"@type\":\"ImageObject\",\"inLanguage\":\"fi\",\"@id\":\"https:\\\/\\\/espoonmerenkulkijat.net\\\/index.php\\\/talvisailytys\\\/#primaryimage\",\"url\":\"https:\\\/\\\/espoonmerenkulkijat.net\\\/wp-content\\\/uploads\\\/2025\\\/04\\\/talvipaikkakartta.png\",\"contentUrl\":\"https:\\\/\\\/espoonmerenkulkijat.net\\\/wp-content\\\/uploads\\\/2025\\\/04\\\/talvipaikkakartta.png\",\"width\":3001,\"height\":1279},{\"@type\":\"BreadcrumbList\",\"@id\":\"https:\\\/\\\/espoonmerenkulkijat.net\\\/index.php\\\/talvisailytys\\\/#breadcrumb\",\"itemListElement\":[{\"@type\":\"ListItem\",\"position\":1,\"name\":\"Etusivu\",\"item\":\"https:\\\/\\\/espoonmerenkulkijat.net\\\/\"},{\"@type\":\"ListItem\",\"position\":2,\"name\":\"Talvis\u00e4ilytys\"}]},{\"@type\":\"WebSite\",\"@id\":\"https:\\\/\\\/espoonmerenkulkijat.net\\\/#website\",\"url\":\"https:\\\/\\\/espoonmerenkulkijat.net\\\/\",\"name\":\"Espoon Merenkulkijat ry\",\"description\":\"\",\"publisher\":{\"@id\":\"https:\\\/\\\/espoonmerenkulkijat.net\\\/#organization\"},\"potentialAction\":[{\"@type\":\"SearchAction\",\"target\":{\"@type\":\"EntryPoint\",\"urlTemplate\":\"https:\\\/\\\/espoonmerenkulkijat.net\\\/?s={search_term_string}\"},\"query-input\":{\"@type\":\"PropertyValueSpecification\",\"valueRequired\":true,\"valueName\":\"search_term_string\"}}],\"inLanguage\":\"fi\"},{\"@type\":\"Organization\",\"@id\":\"https:\\\/\\\/espoonmerenkulkijat.net\\\/#organization\",\"name\":\"Espoon Merenkulkijat ry\",\"url\":\"https:\\\/\\\/espoonmerenkulkijat.net\\\/\",\"logo\":{\"@type\":\"ImageObject\",\"inLanguage\":\"fi\",\"@id\":\"https:\\\/\\\/espoonmerenkulkijat.net\\\/#\\\/schema\\\/logo\\\/image\\\/\",\"url\":\"https:\\\/\\\/espoonmerenkulkijat.net\\\/wp-content\\\/uploads\\\/2023\\\/01\\\/cropped-EM_50_juhlalogo_320x320.png\",\"contentUrl\":\"https:\\\/\\\/espoonmerenkulkijat.net\\\/wp-content\\\/uploads\\\/2023\\\/01\\\/cropped-EM_50_juhlalogo_320x320.png\",\"width\":320,\"height\":320,\"caption\":\"Espoon Merenkulkijat ry\"},\"image\":{\"@id\":\"https:\\\/\\\/espoonmerenkulkijat.net\\\/#\\\/schema\\\/logo\\\/image\\\/\"}}]}<\/script>\n<!-- \/ Yoast SEO plugin. -->","yoast_head_json":{"title":"Talvis\u00e4ilytys - Espoon Merenkulkijat ry","robots":{"index":"index","follow":"follow","max-snippet":"max-snippet:-1","max-image-preview":"max-image-preview:large","max-video-preview":"max-video-preview:-1"},"canonical":"https:\/\/espoonmerenkulkijat.net\/index.php\/talvisailytys\/","og_locale":"fi_FI","og_type":"article","og_title":"Talvis\u00e4ilytys - Espoon Merenkulkijat ry","og_description":"Talvis\u00e4ilytys on mahdollista Nokkalan sataman alueella. Talvis\u00e4ilytykseen ei ole erillist\u00e4 ilmoittautumista, vaan toive tulevan talven paikasta ilmoitetaan kes\u00e4paikkaa haettaessa. Ilmoita mahdollisista muutoksista hyviss\u00e4 ajoin ennen syksy\u00e4 seuran venepaikkavastaavalle. Talvipaikan osalta [&hellip;]","og_url":"https:\/\/espoonmerenkulkijat.net\/index.php\/talvisailytys\/","og_site_name":"Espoon Merenkulkijat ry","article_modified_time":"2025-04-08T05:30:16+00:00","og_image":[{"width":3001,"height":1279,"url":"https:\/\/espoonmerenkulkijat.net\/wp-content\/uploads\/2025\/04\/talvipaikkakartta.png","type":"image\/png"}],"twitter_card":"summary_large_image","twitter_misc":{"Arvioitu lukuaika":"2 minuuttia"},"schema":{"@context":"https:\/\/schema.org","@graph":[{"@type":"WebPage","@id":"https:\/\/espoonmerenkulkijat.net\/index.php\/talvisailytys\/","url":"https:\/\/espoonmerenkulkijat.net\/index.php\/talvisailytys\/","name":"Talvis\u00e4ilytys - Espoon Merenkulkijat ry","isPartOf":{"@id":"https:\/\/espoonmerenkulkijat.net\/#website"},"primaryImageOfPage":{"@id":"https:\/\/espoonmerenkulkijat.net\/index.php\/talvisailytys\/#primaryimage"},"image":{"@id":"https:\/\/espoonmerenkulkijat.net\/index.php\/talvisailytys\/#primaryimage"},"thumbnailUrl":"https:\/\/espoonmerenkulkijat.net\/wp-content\/uploads\/2025\/04\/talvipaikkakartta-1024x436.png","datePublished":"2020-03-29T15:13:39+00:00","dateModified":"2025-04-08T05:30:16+00:00","breadcrumb":{"@id":"https:\/\/espoonmerenkulkijat.net\/index.php\/talvisailytys\/#breadcrumb"},"inLanguage":"fi","potentialAction":[{"@type":"ReadAction","target":["https:\/\/espoonmerenkulkijat.net\/index.php\/talvisailytys\/"]}]},{"@type":"ImageObject","inLanguage":"fi","@id":"https:\/\/espoonmerenkulkijat.net\/index.php\/talvisailytys\/#primaryimage","url":"https:\/\/espoonmerenkulkijat.net\/wp-content\/uploads\/2025\/04\/talvipaikkakartta.png","contentUrl":"https:\/\/espoonmerenkulkijat.net\/wp-content\/uploads\/2025\/04\/talvipaikkakartta.png","width":3001,"height":1279},{"@type":"BreadcrumbList","@id":"https:\/\/espoonmerenkulkijat.net\/index.php\/talvisailytys\/#breadcrumb","itemListElement":[{"@type":"ListItem","position":1,"name":"Etusivu","item":"https:\/\/espoonmerenkulkijat.net\/"},{"@type":"ListItem","position":2,"name":"Talvis\u00e4ilytys"}]},{"@type":"WebSite","@id":"https:\/\/espoonmerenkulkijat.net\/#website","url":"https:\/\/espoonmerenkulkijat.net\/","name":"Espoon Merenkulkijat ry","description":"","publisher":{"@id":"https:\/\/espoonmerenkulkijat.net\/#organization"},"potentialAction":[{"@type":"SearchAction","target":{"@type":"EntryPoint","urlTemplate":"https:\/\/espoonmerenkulkijat.net\/?s={search_term_string}"},"query-input":{"@type":"PropertyValueSpecification","valueRequired":true,"valueName":"search_term_string"}}],"inLanguage":"fi"},{"@type":"Organization","@id":"https:\/\/espoonmerenkulkijat.net\/#organization","name":"Espoon Merenkulkijat ry","url":"https:\/\/espoonmerenkulkijat.net\/","logo":{"@type":"ImageObject","inLanguage":"fi","@id":"https:\/\/espoonmerenkulkijat.net\/#\/schema\/logo\/image\/","url":"https:\/\/espoonmerenkulkijat.net\/wp-content\/uploads\/2023\/01\/cropped-EM_50_juhlalogo_320x320.png","contentUrl":"https:\/\/espoonmerenkulkijat.net\/wp-content\/uploads\/2023\/01\/cropped-EM_50_juhlalogo_320x320.png","width":320,"height":320,"caption":"Espoon Merenkulkijat ry"},"image":{"@id":"https:\/\/espoonmerenkulkijat.net\/#\/schema\/logo\/image\/"}}]}},"_links":{"self":[{"href":"https:\/\/espoonmerenkulkijat.net\/index.php\/wp-json\/wp\/v2\/pages\/402","targetHints":{"allow":["GET"]}}],"collection":[{"href":"https:\/\/espoonmerenkulkijat.net\/index.php\/wp-json\/wp\/v2\/pages"}],"about":[{"href":"https:\/\/espoonmerenkulkijat.net\/index.php\/wp-json\/wp\/v2\/types\/page"}],"author":[{"embeddable":true,"href":"https:\/\/espoonmerenkulkijat.net\/index.php\/wp-json\/wp\/v2\/users\/3"}],"replies":[{"embeddable":true,"href":"https:\/\/espoonmerenkulkijat.net\/index.php\/wp-json\/wp\/v2\/comments?post=402"}],"version-history":[{"count":7,"href":"https:\/\/espoonmerenkulkijat.net\/index.php\/wp-json\/wp\/v2\/pages\/402\/revisions"}],"predecessor-version":[{"id":3107,"href":"https:\/\/espoonmerenkulkijat.net\/index.php\/wp-json\/wp\/v2\/pages\/402\/revisions\/3107"}],"wp:attachment":[{"href":"https:\/\/espoonmerenkulkijat.net\/index.php\/wp-json\/wp\/v2\/media?parent=402"}],"curies":[{"name":"wp","href":"https:\/\/api.w.org\/{rel}","templated":true}]}}