{"id":51,"date":"2019-10-23T15:50:12","date_gmt":"2019-10-23T15:50:12","guid":{"rendered":"http:\/\/temp.espoonmerenkulkijat.net\/?page_id=51"},"modified":"2025-12-17T21:13:24","modified_gmt":"2025-12-17T19:13:24","slug":"seura","status":"publish","type":"page","link":"https:\/\/espoonmerenkulkijat.net\/index.php\/seura\/","title":{"rendered":"Seura"},"content":{"rendered":"\n<p><strong>Espoon Merenkulkijat \u2013 Veneilyseura Matinkyl\u00e4ss\u00e4 vuodesta 1973<\/strong><\/p>\n\n\n\n<p><strong>Espoon Merenkulkijat<\/strong> on aktiivinen veneilyseura, joka tarjoaa erinomaiset puitteet veneilyharrastukselle. Satamamme sijaitsee <strong>Matinkyl\u00e4n rannassa<\/strong>, aivan Espoon parhaalla paikalla \u2013 t\u00e4\u00e4lt\u00e4 on helppo l\u00e4hte\u00e4 sek\u00e4 it\u00e4\u00e4n ett\u00e4 l\u00e4nteen, saaristoon ja avomerelle.<\/p>\n\n\n\n<p>Seura on perustettu vuonna <strong>1973<\/strong>, ja sen tavoitteena on ollut alusta asti tehd\u00e4 veneilyst\u00e4 <strong>saatavaa ja kohtuuhintaista<\/strong> kaikille. Talkoohenki ja yhteis\u00f6llisyys ovat pit\u00e4neet kustannukset kurissa ja luoneet l\u00e4mpim\u00e4n ilmapiirin, jossa veneilij\u00e4t auttavat toisiaan ja jakavat merellisi\u00e4 el\u00e4myksi\u00e4.<\/p>\n\n\n\n<p>Seura on <a href=\"http:\/\/www.spv.fi\">Suomen purjehdus- ja veneily ry:n<\/a> ja <a href=\"http:\/\/www.tul.fi\" target=\"_blank\" rel=\"noreferrer noopener\">Suomen ty\u00f6v\u00e4en urheiluliiton<\/a> j\u00e4sen. Molemmat liitot tarjoavat seuran j\u00e4senille etuuksia.<\/p>\n\n\n\n<h3 class=\"wp-block-heading\"><strong>Miksi liitty\u00e4 Espoon Merenkulkijoihin?<\/strong><\/h3>\n\n\n\n<ul class=\"wp-block-list\">\n<li><strong>Loistava sijainti<\/strong>: Matinkyl\u00e4n satama tarjoaa nopean p\u00e4\u00e4syn saaristoon ja merelle.<\/li>\n\n\n\n<li><strong>Sopivan kokoinen yhteis\u00f6<\/strong>: noin 150 aktiivista j\u00e4sent\u00e4 \u2013 helppo tutustua ja saada apua.<\/li>\n\n\n\n<li><strong>Edulliset laituripaikat ja palvelut<\/strong>: veneily ei tarvitse olla kallista.<\/li>\n\n\n\n<li><strong>Yhteis\u00f6llisyys ja merellinen el\u00e4m\u00e4ntapa<\/strong>: meill\u00e4 tutustut samanhenkisiin veneilij\u00f6ihin, ja tutustut tapahtumissamme seuran j\u00e4seniin.<\/li>\n<\/ul>\n\n\n\n<p>Olitpa kokenut kippari tai vasta veneily\u00e4 aloitteleva, <strong>Espoon Merenkulkijat on sinu<\/strong>lle. Tule mukaan ja nauti merest\u00e4 parhaassa seurassa!<\/p>\n\n\n\n<figure class=\"wp-block-image size-large is-resized\"><img loading=\"lazy\" decoding=\"async\" width=\"1024\" height=\"683\" src=\"https:\/\/espoonmerenkulkijat.net\/wp-content\/uploads\/2021\/02\/IMG_5486-Custom-1024x683.jpg\" alt=\"\" class=\"wp-image-856\" style=\"width:498px;height:auto\" srcset=\"https:\/\/espoonmerenkulkijat.net\/wp-content\/uploads\/2021\/02\/IMG_5486-Custom-1024x683.jpg 1024w, https:\/\/espoonmerenkulkijat.net\/wp-content\/uploads\/2021\/02\/IMG_5486-Custom-300x200.jpg 300w, https:\/\/espoonmerenkulkijat.net\/wp-content\/uploads\/2021\/02\/IMG_5486-Custom-768x512.jpg 768w, https:\/\/espoonmerenkulkijat.net\/wp-content\/uploads\/2021\/02\/IMG_5486-Custom-1536x1024.jpg 1536w, https:\/\/espoonmerenkulkijat.net\/wp-content\/uploads\/2021\/02\/IMG_5486-Custom-2048x1366.jpg 2048w\" sizes=\"auto, (max-width: 1024px) 100vw, 1024px\" \/><\/figure>\n\n\n\n<div class=\"wp-block-file\"><a id=\"wp-block-file--media-41a7d645-7ea2-4afe-af83-c2fbad21d44b\" href=\"https:\/\/espoonmerenkulkijat.net\/wp-content\/uploads\/2022\/01\/EM-vuosikello.pdf\"><br><br>EM-vuosikello<\/a><a href=\"https:\/\/espoonmerenkulkijat.net\/wp-content\/uploads\/2022\/01\/EM-vuosikello.pdf\" class=\"wp-block-file__button wp-element-button\" download aria-describedby=\"wp-block-file--media-41a7d645-7ea2-4afe-af83-c2fbad21d44b\">Lataa<\/a><\/div>\n\n\n\n<p><\/p>\n","protected":false},"excerpt":{"rendered":"<p>Espoon Merenkulkijat \u2013 Veneilyseura Matinkyl\u00e4ss\u00e4 vuodesta 1973 Espoon Merenkulkijat on aktiivinen veneilyseura, joka tarjoaa erinomaiset puitteet veneilyharrastukselle. Satamamme sijaitsee Matinkyl\u00e4n rannassa, aivan Espoon parhaalla paikalla \u2013 t\u00e4\u00e4lt\u00e4 on helppo l\u00e4hte\u00e4 [&hellip;]<\/p>\n","protected":false},"author":2,"featured_media":856,"parent":0,"menu_order":0,"comment_status":"closed","ping_status":"closed","template":"","meta":{"site-sidebar-layout":"default","site-content-layout":"default","ast-site-content-layout":"default","site-content-style":"default","site-sidebar-style":"default","ast-global-header-display":"","ast-banner-title-visibility":"","ast-main-header-display":"","ast-hfb-above-header-display":"","ast-hfb-below-header-display":"","ast-hfb-mobile-header-display":"","site-post-title":"","ast-breadcrumbs-content":"","ast-featured-img":"","footer-sml-layout":"","ast-disable-related-posts":"","theme-transparent-header-meta":"default","adv-header-id-meta":"","stick-header-meta":"","header-above-stick-meta":"","header-main-stick-meta":"","header-below-stick-meta":"","astra-migrate-meta-layouts":"set","ast-page-background-enabled":"default","ast-page-background-meta":{"desktop":{"background-color":"","background-image":"","background-repeat":"repeat","background-position":"center center","background-size":"auto","background-attachment":"scroll","background-type":"","background-media":"","overlay-type":"","overlay-color":"","overlay-opacity":"","overlay-gradient":""},"tablet":{"background-color":"","background-image":"","background-repeat":"repeat","background-position":"center center","background-size":"auto","background-attachment":"scroll","background-type":"","background-media":"","overlay-type":"","overlay-color":"","overlay-opacity":"","overlay-gradient":""},"mobile":{"background-color":"","background-image":"","background-repeat":"repeat","background-position":"center center","background-size":"auto","background-attachment":"scroll","background-type":"","background-media":"","overlay-type":"","overlay-color":"","overlay-opacity":"","overlay-gradient":""}},"ast-content-background-meta":{"desktop":{"background-color":"var(--ast-global-color-5)","background-image":"","background-repeat":"repeat","background-position":"center center","background-size":"auto","background-attachment":"scroll","background-type":"","background-media":"","overlay-type":"","overlay-color":"","overlay-opacity":"","overlay-gradient":""},"tablet":{"background-color":"var(--ast-global-color-5)","background-image":"","background-repeat":"repeat","background-position":"center center","background-size":"auto","background-attachment":"scroll","background-type":"","background-media":"","overlay-type":"","overlay-color":"","overlay-opacity":"","overlay-gradient":""},"mobile":{"background-color":"var(--ast-global-color-5)","background-image":"","background-repeat":"repeat","background-position":"center center","background-size":"auto","background-attachment":"scroll","background-type":"","background-media":"","overlay-type":"","overlay-color":"","overlay-opacity":"","overlay-gradient":""}},"footnotes":""},"class_list":["post-51","page","type-page","status-publish","has-post-thumbnail","hentry"],"yoast_head":"<!-- This site is optimized with the Yoast SEO plugin v27.3 - https:\/\/yoast.com\/product\/yoast-seo-wordpress\/ -->\n<title>Seura - Espoon Merenkulkijat ry<\/title>\n<meta name=\"description\" content=\"Espoon Merenkulkijat ry on pieni ja kodikas seura Espoossa, jossa se tarjoaa mahdollisuuden nauttia veneilyst\u00e4 itselle mielekk\u00e4\u00e4ll\u00e4 tavalla.\" \/>\n<meta name=\"robots\" content=\"index, follow, max-snippet:-1, max-image-preview:large, max-video-preview:-1\" \/>\n<link rel=\"canonical\" href=\"https:\/\/espoonmerenkulkijat.net\/index.php\/seura\/\" \/>\n<meta property=\"og:locale\" content=\"fi_FI\" \/>\n<meta property=\"og:type\" content=\"article\" \/>\n<meta property=\"og:title\" content=\"Seura - Espoon Merenkulkijat ry\" \/>\n<meta property=\"og:description\" content=\"Espoon Merenkulkijat ry on pieni ja kodikas seura Espoossa, jossa se tarjoaa mahdollisuuden nauttia veneilyst\u00e4 itselle mielekk\u00e4\u00e4ll\u00e4 tavalla.\" \/>\n<meta property=\"og:url\" content=\"https:\/\/espoonmerenkulkijat.net\/index.php\/seura\/\" \/>\n<meta property=\"og:site_name\" content=\"Espoon Merenkulkijat ry\" \/>\n<meta property=\"article:modified_time\" content=\"2025-12-17T19:13:24+00:00\" \/>\n<meta property=\"og:image\" content=\"https:\/\/espoonmerenkulkijat.net\/wp-content\/uploads\/2021\/02\/IMG_5486-Custom.jpg\" \/>\n\t<meta property=\"og:image:width\" content=\"2500\" \/>\n\t<meta property=\"og:image:height\" content=\"1667\" \/>\n\t<meta property=\"og:image:type\" content=\"image\/jpeg\" \/>\n<meta name=\"twitter:card\" content=\"summary_large_image\" \/>\n<meta name=\"twitter:label1\" content=\"Arvioitu lukuaika\" \/>\n\t<meta name=\"twitter:data1\" content=\"2 minuuttia\" \/>\n<script type=\"application\/ld+json\" class=\"yoast-schema-graph\">{\"@context\":\"https:\\\/\\\/schema.org\",\"@graph\":[{\"@type\":\"WebPage\",\"@id\":\"https:\\\/\\\/espoonmerenkulkijat.net\\\/index.php\\\/seura\\\/\",\"url\":\"https:\\\/\\\/espoonmerenkulkijat.net\\\/index.php\\\/seura\\\/\",\"name\":\"Seura - Espoon Merenkulkijat ry\",\"isPartOf\":{\"@id\":\"https:\\\/\\\/espoonmerenkulkijat.net\\\/#website\"},\"primaryImageOfPage\":{\"@id\":\"https:\\\/\\\/espoonmerenkulkijat.net\\\/index.php\\\/seura\\\/#primaryimage\"},\"image\":{\"@id\":\"https:\\\/\\\/espoonmerenkulkijat.net\\\/index.php\\\/seura\\\/#primaryimage\"},\"thumbnailUrl\":\"https:\\\/\\\/espoonmerenkulkijat.net\\\/wp-content\\\/uploads\\\/2021\\\/02\\\/IMG_5486-Custom.jpg\",\"datePublished\":\"2019-10-23T15:50:12+00:00\",\"dateModified\":\"2025-12-17T19:13:24+00:00\",\"description\":\"Espoon Merenkulkijat ry on pieni ja kodikas seura Espoossa, jossa se tarjoaa mahdollisuuden nauttia veneilyst\u00e4 itselle mielekk\u00e4\u00e4ll\u00e4 tavalla.\",\"breadcrumb\":{\"@id\":\"https:\\\/\\\/espoonmerenkulkijat.net\\\/index.php\\\/seura\\\/#breadcrumb\"},\"inLanguage\":\"fi\",\"potentialAction\":[{\"@type\":\"ReadAction\",\"target\":[\"https:\\\/\\\/espoonmerenkulkijat.net\\\/index.php\\\/seura\\\/\"]}]},{\"@type\":\"ImageObject\",\"inLanguage\":\"fi\",\"@id\":\"https:\\\/\\\/espoonmerenkulkijat.net\\\/index.php\\\/seura\\\/#primaryimage\",\"url\":\"https:\\\/\\\/espoonmerenkulkijat.net\\\/wp-content\\\/uploads\\\/2021\\\/02\\\/IMG_5486-Custom.jpg\",\"contentUrl\":\"https:\\\/\\\/espoonmerenkulkijat.net\\\/wp-content\\\/uploads\\\/2021\\\/02\\\/IMG_5486-Custom.jpg\",\"width\":2500,\"height\":1667},{\"@type\":\"BreadcrumbList\",\"@id\":\"https:\\\/\\\/espoonmerenkulkijat.net\\\/index.php\\\/seura\\\/#breadcrumb\",\"itemListElement\":[{\"@type\":\"ListItem\",\"position\":1,\"name\":\"Etusivu\",\"item\":\"https:\\\/\\\/espoonmerenkulkijat.net\\\/\"},{\"@type\":\"ListItem\",\"position\":2,\"name\":\"Seura\"}]},{\"@type\":\"WebSite\",\"@id\":\"https:\\\/\\\/espoonmerenkulkijat.net\\\/#website\",\"url\":\"https:\\\/\\\/espoonmerenkulkijat.net\\\/\",\"name\":\"Espoon Merenkulkijat ry\",\"description\":\"\",\"publisher\":{\"@id\":\"https:\\\/\\\/espoonmerenkulkijat.net\\\/#organization\"},\"potentialAction\":[{\"@type\":\"SearchAction\",\"target\":{\"@type\":\"EntryPoint\",\"urlTemplate\":\"https:\\\/\\\/espoonmerenkulkijat.net\\\/?s={search_term_string}\"},\"query-input\":{\"@type\":\"PropertyValueSpecification\",\"valueRequired\":true,\"valueName\":\"search_term_string\"}}],\"inLanguage\":\"fi\"},{\"@type\":\"Organization\",\"@id\":\"https:\\\/\\\/espoonmerenkulkijat.net\\\/#organization\",\"name\":\"Espoon Merenkulkijat ry\",\"url\":\"https:\\\/\\\/espoonmerenkulkijat.net\\\/\",\"logo\":{\"@type\":\"ImageObject\",\"inLanguage\":\"fi\",\"@id\":\"https:\\\/\\\/espoonmerenkulkijat.net\\\/#\\\/schema\\\/logo\\\/image\\\/\",\"url\":\"https:\\\/\\\/espoonmerenkulkijat.net\\\/wp-content\\\/uploads\\\/2023\\\/01\\\/cropped-EM_50_juhlalogo_320x320.png\",\"contentUrl\":\"https:\\\/\\\/espoonmerenkulkijat.net\\\/wp-content\\\/uploads\\\/2023\\\/01\\\/cropped-EM_50_juhlalogo_320x320.png\",\"width\":320,\"height\":320,\"caption\":\"Espoon Merenkulkijat ry\"},\"image\":{\"@id\":\"https:\\\/\\\/espoonmerenkulkijat.net\\\/#\\\/schema\\\/logo\\\/image\\\/\"}}]}<\/script>\n<!-- \/ Yoast SEO plugin. -->","yoast_head_json":{"title":"Seura - Espoon Merenkulkijat ry","description":"Espoon Merenkulkijat ry on pieni ja kodikas seura Espoossa, jossa se tarjoaa mahdollisuuden nauttia veneilyst\u00e4 itselle mielekk\u00e4\u00e4ll\u00e4 tavalla.","robots":{"index":"index","follow":"follow","max-snippet":"max-snippet:-1","max-image-preview":"max-image-preview:large","max-video-preview":"max-video-preview:-1"},"canonical":"https:\/\/espoonmerenkulkijat.net\/index.php\/seura\/","og_locale":"fi_FI","og_type":"article","og_title":"Seura - Espoon Merenkulkijat ry","og_description":"Espoon Merenkulkijat ry on pieni ja kodikas seura Espoossa, jossa se tarjoaa mahdollisuuden nauttia veneilyst\u00e4 itselle mielekk\u00e4\u00e4ll\u00e4 tavalla.","og_url":"https:\/\/espoonmerenkulkijat.net\/index.php\/seura\/","og_site_name":"Espoon Merenkulkijat ry","article_modified_time":"2025-12-17T19:13:24+00:00","og_image":[{"width":2500,"height":1667,"url":"https:\/\/espoonmerenkulkijat.net\/wp-content\/uploads\/2021\/02\/IMG_5486-Custom.jpg","type":"image\/jpeg"}],"twitter_card":"summary_large_image","twitter_misc":{"Arvioitu lukuaika":"2 minuuttia"},"schema":{"@context":"https:\/\/schema.org","@graph":[{"@type":"WebPage","@id":"https:\/\/espoonmerenkulkijat.net\/index.php\/seura\/","url":"https:\/\/espoonmerenkulkijat.net\/index.php\/seura\/","name":"Seura - Espoon Merenkulkijat ry","isPartOf":{"@id":"https:\/\/espoonmerenkulkijat.net\/#website"},"primaryImageOfPage":{"@id":"https:\/\/espoonmerenkulkijat.net\/index.php\/seura\/#primaryimage"},"image":{"@id":"https:\/\/espoonmerenkulkijat.net\/index.php\/seura\/#primaryimage"},"thumbnailUrl":"https:\/\/espoonmerenkulkijat.net\/wp-content\/uploads\/2021\/02\/IMG_5486-Custom.jpg","datePublished":"2019-10-23T15:50:12+00:00","dateModified":"2025-12-17T19:13:24+00:00","description":"Espoon Merenkulkijat ry on pieni ja kodikas seura Espoossa, jossa se tarjoaa mahdollisuuden nauttia veneilyst\u00e4 itselle mielekk\u00e4\u00e4ll\u00e4 tavalla.","breadcrumb":{"@id":"https:\/\/espoonmerenkulkijat.net\/index.php\/seura\/#breadcrumb"},"inLanguage":"fi","potentialAction":[{"@type":"ReadAction","target":["https:\/\/espoonmerenkulkijat.net\/index.php\/seura\/"]}]},{"@type":"ImageObject","inLanguage":"fi","@id":"https:\/\/espoonmerenkulkijat.net\/index.php\/seura\/#primaryimage","url":"https:\/\/espoonmerenkulkijat.net\/wp-content\/uploads\/2021\/02\/IMG_5486-Custom.jpg","contentUrl":"https:\/\/espoonmerenkulkijat.net\/wp-content\/uploads\/2021\/02\/IMG_5486-Custom.jpg","width":2500,"height":1667},{"@type":"BreadcrumbList","@id":"https:\/\/espoonmerenkulkijat.net\/index.php\/seura\/#breadcrumb","itemListElement":[{"@type":"ListItem","position":1,"name":"Etusivu","item":"https:\/\/espoonmerenkulkijat.net\/"},{"@type":"ListItem","position":2,"name":"Seura"}]},{"@type":"WebSite","@id":"https:\/\/espoonmerenkulkijat.net\/#website","url":"https:\/\/espoonmerenkulkijat.net\/","name":"Espoon Merenkulkijat ry","description":"","publisher":{"@id":"https:\/\/espoonmerenkulkijat.net\/#organization"},"potentialAction":[{"@type":"SearchAction","target":{"@type":"EntryPoint","urlTemplate":"https:\/\/espoonmerenkulkijat.net\/?s={search_term_string}"},"query-input":{"@type":"PropertyValueSpecification","valueRequired":true,"valueName":"search_term_string"}}],"inLanguage":"fi"},{"@type":"Organization","@id":"https:\/\/espoonmerenkulkijat.net\/#organization","name":"Espoon Merenkulkijat ry","url":"https:\/\/espoonmerenkulkijat.net\/","logo":{"@type":"ImageObject","inLanguage":"fi","@id":"https:\/\/espoonmerenkulkijat.net\/#\/schema\/logo\/image\/","url":"https:\/\/espoonmerenkulkijat.net\/wp-content\/uploads\/2023\/01\/cropped-EM_50_juhlalogo_320x320.png","contentUrl":"https:\/\/espoonmerenkulkijat.net\/wp-content\/uploads\/2023\/01\/cropped-EM_50_juhlalogo_320x320.png","width":320,"height":320,"caption":"Espoon Merenkulkijat ry"},"image":{"@id":"https:\/\/espoonmerenkulkijat.net\/#\/schema\/logo\/image\/"}}]}},"_links":{"self":[{"href":"https:\/\/espoonmerenkulkijat.net\/index.php\/wp-json\/wp\/v2\/pages\/51","targetHints":{"allow":["GET"]}}],"collection":[{"href":"https:\/\/espoonmerenkulkijat.net\/index.php\/wp-json\/wp\/v2\/pages"}],"about":[{"href":"https:\/\/espoonmerenkulkijat.net\/index.php\/wp-json\/wp\/v2\/types\/page"}],"author":[{"embeddable":true,"href":"https:\/\/espoonmerenkulkijat.net\/index.php\/wp-json\/wp\/v2\/users\/2"}],"replies":[{"embeddable":true,"href":"https:\/\/espoonmerenkulkijat.net\/index.php\/wp-json\/wp\/v2\/comments?post=51"}],"version-history":[{"count":11,"href":"https:\/\/espoonmerenkulkijat.net\/index.php\/wp-json\/wp\/v2\/pages\/51\/revisions"}],"predecessor-version":[{"id":3248,"href":"https:\/\/espoonmerenkulkijat.net\/index.php\/wp-json\/wp\/v2\/pages\/51\/revisions\/3248"}],"wp:featuredmedia":[{"embeddable":true,"href":"https:\/\/espoonmerenkulkijat.net\/index.php\/wp-json\/wp\/v2\/media\/856"}],"wp:attachment":[{"href":"https:\/\/espoonmerenkulkijat.net\/index.php\/wp-json\/wp\/v2\/media?parent=51"}],"curies":[{"name":"wp","href":"https:\/\/api.w.org\/{rel}","templated":true}]}}